CRAN Package Check Results for Package GB2group

Last updated on 2022-10-04 10:49:34 CEST.

Flavor Version Tinstall Tcheck Ttotal Status Flags
r-devel-linux-x86_64-debian-clang 0.3.0 10.40 95.11 105.51 NOTE
r-devel-linux-x86_64-debian-gcc 0.3.0 10.20 72.26 82.46 NOTE
r-devel-linux-x86_64-fedora-clang 0.3.0 145.64 NOTE
r-devel-linux-x86_64-fedora-gcc 0.3.0 137.74 NOTE
r-devel-windows-x86_64 0.3.0 31.00 116.00 147.00 NOTE
r-patched-linux-x86_64 0.3.0 11.33 89.94 101.27 NOTE
r-release-linux-x86_64 0.3.0 10.90 90.87 101.77 NOTE
r-release-macos-arm64 0.3.0 34.00 NOTE
r-release-macos-x86_64 0.3.0 67.00 NOTE
r-release-windows-x86_64 0.3.0 26.00 111.00 137.00 NOTE
r-oldrel-macos-arm64 0.3.0 49.00 NOTE
r-oldrel-macos-x86_64 0.3.0 72.00 NOTE
r-oldrel-windows-ix86+x86_64 0.3.0 25.00 113.00 138.00 NOTE

Check Details

Version: 0.3.0
Check: LazyData
Result: NOTE
     'LazyData' is specified without a 'data' directory
Flavors: r-devel-linux-x86_64-debian-clang, r-devel-linux-x86_64-debian-gcc, r-devel-linux-x86_64-fedora-clang, r-devel-linux-x86_64-fedora-gcc, r-devel-windows-x86_64, r-patched-linux-x86_64, r-release-linux-x86_64, r-release-macos-arm64, r-release-macos-x86_64, r-release-windows-x86_64, r-oldrel-macos-arm64, r-oldrel-macos-x86_64, r-oldrel-windows-ix86+x86_64