CRAN Package Check Results for Package FloodMapper

Last updated on 2020-08-12 10:10:09 CEST.

Flavor Version Tinstall Tcheck Ttotal Status Flags
r-devel-linux-x86_64-debian-clang 1.0 11.52 84.50 96.02 OK
r-devel-linux-x86_64-debian-gcc 1.0 9.22 65.10 74.32 OK
r-devel-linux-x86_64-fedora-clang 1.0 121.83 NOTE
r-devel-linux-x86_64-fedora-gcc 1.0 110.05 NOTE
r-devel-windows-ix86+x86_64 1.0 27.00 113.00 140.00 OK
r-patched-linux-x86_64 1.0 11.06 83.00 94.06 OK
r-patched-solaris-x86 1.0 169.90 NOTE
r-release-linux-x86_64 1.0 10.46 83.03 93.49 OK
r-release-macos-x86_64 1.0 NOTE
r-release-windows-ix86+x86_64 1.0 27.00 115.00 142.00 OK
r-oldrel-macos-x86_64 1.0 NOTE
r-oldrel-windows-ix86+x86_64 1.0 15.00 79.00 94.00 OK

Check Details

Version: 1.0
Check: dependencies in R code
Result: NOTE
    Namespace in Imports field not imported from: ‘rgdal’
     All declared Imports should be used.
Flavors: r-devel-linux-x86_64-fedora-clang, r-devel-linux-x86_64-fedora-gcc, r-patched-solaris-x86, r-release-macos-x86_64, r-oldrel-macos-x86_64