Last updated on 2024-04-24 10:22:54 CEST.
Flavor | Version | Tinstall | Tcheck | Ttotal | Status | Flags |
---|---|---|---|---|---|---|
r-devel-linux-x86_64-debian-clang | 0.7.2 | 11.33 | 79.84 | 91.17 | NOTE | |
r-devel-linux-x86_64-debian-gcc | 0.7.2 | 7.29 | 59.71 | 67.00 | NOTE | |
r-devel-linux-x86_64-fedora-clang | 0.7.2 | 111.43 | NOTE | |||
r-devel-linux-x86_64-fedora-gcc | 0.7.2 | 107.83 | NOTE | |||
r-devel-windows-x86_64 | 0.7.2 | 8.00 | 76.00 | 84.00 | NOTE | |
r-patched-linux-x86_64 | 0.7.2 | 10.01 | 78.01 | 88.02 | NOTE | |
r-release-linux-x86_64 | 0.7.2 | 9.01 | 80.17 | 89.18 | NOTE | |
r-release-macos-arm64 | 0.7.2 | 40.00 | NOTE | |||
r-release-windows-x86_64 | 0.7.2 | 12.00 | 88.00 | 100.00 | NOTE | |
r-oldrel-macos-arm64 | 0.7.2 | 29.00 | NOTE | |||
r-oldrel-macos-x86_64 | 0.7.2 | 60.00 | NOTE | |||
r-oldrel-windows-x86_64 | 0.7.2 | 12.00 | 90.00 | 102.00 | NOTE |
Version: 0.7.2
Check: LazyData
Result: NOTE
'LazyData' is specified without a 'data' directory
Flavors: r-devel-linux-x86_64-debian-clang, r-devel-linux-x86_64-debian-gcc, r-devel-linux-x86_64-fedora-clang, r-devel-linux-x86_64-fedora-gcc, r-devel-windows-x86_64, r-patched-linux-x86_64, r-release-linux-x86_64, r-release-macos-arm64, r-release-windows-x86_64, r-oldrel-macos-arm64, r-oldrel-macos-x86_64, r-oldrel-windows-x86_64