CRAN Package Check Results for Package FastRCS

Last updated on 2019-12-08 09:46:51 CET.

Flavor Version Tinstall Tcheck Ttotal Status Flags
r-devel-linux-x86_64-debian-clang 0.0.8 34.01 23.27 57.28 OK
r-devel-linux-x86_64-debian-gcc 0.0.8 29.23 19.87 49.10 OK
r-devel-linux-x86_64-fedora-clang 0.0.8 79.02 NOTE
r-devel-linux-x86_64-fedora-gcc 0.0.8 80.32 OK
r-devel-windows-ix86+x86_64 0.0.8 49.00 66.00 115.00 OK
r-devel-windows-ix86+x86_64-gcc8 0.0.8 53.00 73.00 126.00 OK
r-patched-linux-x86_64 0.0.8 38.51 23.61 62.12 OK
r-patched-solaris-x86 0.0.8 72.20 OK
r-release-linux-x86_64 0.0.8 35.92 23.51 59.43 OK
r-release-windows-ix86+x86_64 0.0.8 68.00 72.00 140.00 OK
r-release-osx-x86_64 0.0.8 NOTE
r-oldrel-windows-ix86+x86_64 0.0.8 45.00 62.00 107.00 OK
r-oldrel-osx-x86_64 0.0.8 NOTE

Check Details

Version: 0.0.8
Check: installed package size
Result: NOTE
     installed size is 17.9Mb
     sub-directories of 1Mb or more:
     libs 17.8Mb
Flavors: r-devel-linux-x86_64-fedora-clang, r-release-osx-x86_64, r-oldrel-osx-x86_64