CRAN Package Check Results for Package FastRCS

Last updated on 2020-09-26 09:48:54 CEST.

Flavor Version Tinstall Tcheck Ttotal Status Flags
r-devel-linux-x86_64-debian-clang 0.0.8 35.70 24.60 60.30 OK
r-devel-linux-x86_64-debian-gcc 0.0.8 32.51 21.07 53.58 OK
r-devel-linux-x86_64-fedora-clang 0.0.8 91.09 NOTE
r-devel-linux-x86_64-fedora-gcc 0.0.8 85.46 OK
r-devel-windows-ix86+x86_64 0.0.8 71.00 70.00 141.00 OK
r-patched-linux-x86_64 0.0.8 34.05 26.15 60.20 OK
r-patched-solaris-x86 0.0.8 83.10 OK
r-release-linux-x86_64 0.0.8 31.61 25.88 57.49 OK
r-release-macos-x86_64 0.0.8 NOTE
r-release-windows-ix86+x86_64 0.0.8 69.00 66.00 135.00 OK
r-oldrel-macos-x86_64 0.0.8 NOTE
r-oldrel-windows-ix86+x86_64 0.0.8 63.00 74.00 137.00 OK

Check Details

Version: 0.0.8
Check: installed package size
Result: NOTE
     installed size is 18.1Mb
     sub-directories of 1Mb or more:
     libs 18.0Mb
Flavors: r-devel-linux-x86_64-fedora-clang, r-release-macos-x86_64, r-oldrel-macos-x86_64