Last updated on 2024-04-26 09:51:59 CEST.
Flavor | Version | Tinstall | Tcheck | Ttotal | Status | Flags |
---|---|---|---|---|---|---|
r-devel-linux-x86_64-debian-clang | 1.0.2 | 53.70 | 89.68 | 143.38 | NOTE | |
r-devel-linux-x86_64-debian-gcc | 1.0.2 | 33.32 | 65.69 | 99.01 | NOTE | |
r-devel-linux-x86_64-fedora-clang | 1.0.2 | 176.99 | NOTE | |||
r-devel-linux-x86_64-fedora-gcc | 1.0.2 | 183.33 | NOTE | |||
r-devel-windows-x86_64 | 1.0.2 | 36.00 | 107.00 | 143.00 | NOTE | |
r-patched-linux-x86_64 | 1.0.2 | 45.29 | 86.10 | 131.39 | NOTE | |
r-release-linux-x86_64 | 1.0.2 | 40.15 | 82.70 | 122.85 | NOTE | |
r-release-macos-arm64 | 1.0.2 | 54.00 | NOTE | |||
r-release-windows-x86_64 | 1.0.2 | 35.00 | 108.00 | 143.00 | NOTE | |
r-oldrel-macos-arm64 | 1.0.2 | 61.00 | NOTE | |||
r-oldrel-macos-x86_64 | 1.0.2 | 94.00 | NOTE | |||
r-oldrel-windows-x86_64 | 1.0.2 | 44.00 | 123.00 | 167.00 | NOTE |
Version: 1.0.2
Check: LazyData
Result: NOTE
'LazyData' is specified without a 'data' directory
Flavors: r-devel-linux-x86_64-debian-clang, r-devel-linux-x86_64-debian-gcc, r-devel-linux-x86_64-fedora-clang, r-devel-linux-x86_64-fedora-gcc, r-devel-windows-x86_64, r-patched-linux-x86_64, r-release-linux-x86_64, r-release-macos-arm64, r-release-windows-x86_64, r-oldrel-macos-arm64, r-oldrel-macos-x86_64, r-oldrel-windows-x86_64