CRAN Package Check Results for Package Factoshiny

Last updated on 2020-08-13 09:48:54 CEST.

Flavor Version Tinstall Tcheck Ttotal Status Flags
r-devel-linux-x86_64-debian-clang 2.2 0.61 2.30 2.91 ERROR
r-devel-linux-x86_64-debian-gcc 2.2 8.52 57.39 65.91 OK
r-devel-linux-x86_64-fedora-clang 2.2 106.45 OK
r-devel-linux-x86_64-fedora-gcc 2.2 96.89 OK
r-devel-windows-ix86+x86_64 2.2 33.00 128.00 161.00 OK
r-patched-linux-x86_64 2.2 6.69 71.25 77.94 OK
r-patched-solaris-x86 2.2 154.80 OK
r-release-linux-x86_64 2.2 0.37 2.27 2.64 ERROR
r-release-macos-x86_64 2.2 OK
r-release-windows-ix86+x86_64 2.2 37.00 128.00 165.00 OK
r-oldrel-macos-x86_64 2.2 WARN
r-oldrel-windows-ix86+x86_64 2.2 21.00 82.00 103.00 OK

Check Details

Version: 2.2
Check: package dependencies
Result: ERROR
    Package required but not available: 'missMDA'
    
    See section 'The DESCRIPTION file' in the 'Writing R Extensions'
    manual.
Flavors: r-devel-linux-x86_64-debian-clang, r-release-linux-x86_64

Version: 2.2
Check: dependencies in R code
Result: NOTE
    No protocol specified
    No protocol specified
Flavor: r-oldrel-macos-x86_64

Version: 2.2
Check: S3 generic/method consistency
Result: WARN
    No protocol specified
    No protocol specified
    See section ‘Generic functions and methods’ in the ‘Writing R
    Extensions’ manual.
Flavor: r-oldrel-macos-x86_64

Version: 2.2
Check: replacement functions
Result: WARN
    No protocol specified
    No protocol specified
    The argument of a replacement function which corresponds to the right
    hand side must be named ‘value’.
Flavor: r-oldrel-macos-x86_64

Version: 2.2
Check: foreign function calls
Result: NOTE
    No protocol specified
    No protocol specified
    See chapter ‘System and foreign language interfaces’ in the ‘Writing R
    Extensions’ manual.
Flavor: r-oldrel-macos-x86_64

Version: 2.2
Check: R code for possible problems
Result: NOTE
    No protocol specified
    No protocol specified
Flavor: r-oldrel-macos-x86_64

Version: 2.2
Check: for missing documentation entries
Result: WARN
    No protocol specified
    No protocol specified
    All user-level objects in a package should have documentation entries.
    See chapter ‘Writing R documentation files’ in the ‘Writing R
    Extensions’ manual.
Flavor: r-oldrel-macos-x86_64

Version: 2.2
Check: for code/documentation mismatches
Result: WARN
    No protocol specified
    No protocol specified
    No protocol specified
    No protocol specified
    No protocol specified
    No protocol specified
Flavor: r-oldrel-macos-x86_64

Version: 2.2
Check: Rd \usage sections
Result: NOTE
    No protocol specified
    No protocol specified
    The \usage entries for S3 methods should use the \method markup and not
    their full name.
    See chapter ‘Writing R documentation files’ in the ‘Writing R
    Extensions’ manual.
Flavor: r-oldrel-macos-x86_64