CRAN Package Check Results for Package FSinR

Last updated on 2020-08-08 09:48:35 CEST.

Flavor Version Tinstall Tcheck Ttotal Status Flags
r-devel-linux-x86_64-debian-clang 1.0.8 16.50 319.06 335.56 OK
r-devel-linux-x86_64-debian-gcc 1.0.8 15.07 234.77 249.84 OK
r-devel-linux-x86_64-fedora-clang 1.0.8 386.82 NOTE
r-devel-linux-x86_64-fedora-gcc 1.0.8 384.79 NOTE
r-devel-windows-ix86+x86_64 1.0.8 48.00 406.00 454.00 OK
r-patched-linux-x86_64 1.0.8 17.69 311.97 329.66 OK
r-patched-solaris-x86 1.0.8 494.20 NOTE
r-release-linux-x86_64 1.0.8 15.96 307.78 323.74 OK
r-release-macos-x86_64 1.0.8 NOTE
r-release-windows-ix86+x86_64 1.0.8 49.00 298.00 347.00 OK
r-oldrel-macos-x86_64 1.0.8 NOTE
r-oldrel-windows-ix86+x86_64 1.0.8 29.00 307.00 336.00 OK

Check Details

Version: 1.0.8
Check: dependencies in R code
Result: NOTE
    Namespaces in Imports field not imported from:
     ‘class’ ‘mlbench’ ‘neuralnet’ ‘rpart’
     All declared Imports should be used.
Flavors: r-devel-linux-x86_64-fedora-clang, r-devel-linux-x86_64-fedora-gcc, r-patched-solaris-x86, r-release-macos-x86_64, r-oldrel-macos-x86_64