Last updated on 2023-02-08 09:56:10 CET.
Flavor | Version | Tinstall | Tcheck | Ttotal | Status | Flags |
---|---|---|---|---|---|---|
r-devel-linux-x86_64-debian-clang | 1.0.0 | 54.22 | 88.46 | 142.68 | NOTE | |
r-devel-linux-x86_64-debian-gcc | 1.0.0 | 42.27 | 66.57 | 108.84 | NOTE | |
r-devel-linux-x86_64-fedora-clang | 1.0.0 | 194.37 | NOTE | |||
r-devel-linux-x86_64-fedora-gcc | 1.0.0 | 179.56 | NOTE | |||
r-devel-windows-x86_64 | 1.0.0 | 57.00 | 155.00 | 212.00 | NOTE | |
r-patched-linux-x86_64 | 1.0.0 | 41.95 | 88.56 | 130.51 | OK | |
r-release-linux-x86_64 | 1.0.0 | 45.47 | 87.98 | 133.45 | OK | |
r-release-macos-arm64 | 1.0.0 | 52.00 | OK | |||
r-release-macos-x86_64 | 1.0.0 | 64.00 | OK | |||
r-release-windows-x86_64 | 1.0.0 | 57.00 | 150.00 | 207.00 | OK | |
r-oldrel-macos-arm64 | 1.0.0 | 45.00 | OK | |||
r-oldrel-macos-x86_64 | 1.0.0 | 63.00 | OK | |||
r-oldrel-windows-ix86+x86_64 | 1.0.0 | 127.00 | 163.00 | 290.00 | OK |
Version: 1.0.0
Check: Rd files
Result: NOTE
checkRd: (-1) fk_regression.Rd:32: Escaped LaTeX specials: \&
Flavors: r-devel-linux-x86_64-debian-clang, r-devel-linux-x86_64-debian-gcc, r-devel-linux-x86_64-fedora-clang, r-devel-linux-x86_64-fedora-gcc, r-devel-windows-x86_64