Last updated on 2023-03-23 10:54:30 CET.
Flavor | Version | Tinstall | Tcheck | Ttotal | Status | Flags |
---|---|---|---|---|---|---|
r-devel-linux-x86_64-debian-clang | 1.0-12.1 | 13.89 | 109.01 | 122.90 | NOTE | |
r-devel-linux-x86_64-debian-gcc | 1.0-12.1 | 10.48 | 83.53 | 94.01 | NOTE | |
r-devel-linux-x86_64-fedora-clang | 1.0-12.1 | 149.62 | NOTE | |||
r-devel-linux-x86_64-fedora-gcc | 1.0-12.1 | 146.12 | NOTE | |||
r-devel-windows-x86_64 | 1.0-12.1 | 20.00 | 136.00 | 156.00 | OK | |
r-patched-linux-x86_64 | 1.0-12.1 | 11.82 | 102.64 | 114.46 | NOTE | |
r-release-linux-x86_64 | 1.0-12.1 | 9.74 | 104.95 | 114.69 | NOTE | |
r-release-macos-arm64 | 1.0-12.1 | 43.00 | OK | |||
r-release-macos-x86_64 | 1.0-12.1 | 69.00 | OK | |||
r-release-windows-x86_64 | 1.0-12.1 | 19.00 | 169.00 | 188.00 | OK | |
r-oldrel-macos-arm64 | 1.0-12.1 | 42.00 | OK | |||
r-oldrel-macos-x86_64 | 1.0-12.1 | 59.00 | OK | |||
r-oldrel-windows-ix86+x86_64 | 1.0-12.1 | 26.00 | 180.00 | 206.00 | OK |
Version: 1.0-12.1
Check: for non-standard things in the check directory
Result: NOTE
Found the following files/directories:
‘vert.txt’
Flavors: r-devel-linux-x86_64-debian-clang, r-devel-linux-x86_64-debian-gcc, r-devel-linux-x86_64-fedora-clang, r-devel-linux-x86_64-fedora-gcc, r-patched-linux-x86_64, r-release-linux-x86_64
Version: 1.0-12.1
Check: compiled code
Result: NOTE
File ‘FD/libs/FD.so’:
Found no calls to: ‘R_registerRoutines’, ‘R_useDynamicSymbols’
It is good practice to register native routines and to disable symbol
search.
See ‘Writing portable packages’ in the ‘Writing R Extensions’ manual.
Flavors: r-devel-linux-x86_64-fedora-clang, r-devel-linux-x86_64-fedora-gcc