CRAN Package Check Results for Package FCPS

Last updated on 2020-08-09 09:46:43 CEST.

Flavor Version Tinstall Tcheck Ttotal Status Flags
r-devel-linux-x86_64-debian-clang 1.2.3 12.02 156.15 168.17 OK
r-devel-linux-x86_64-debian-gcc 1.2.3 9.50 113.94 123.44 OK
r-devel-linux-x86_64-fedora-clang 1.2.3 198.69 NOTE
r-devel-linux-x86_64-fedora-gcc 1.2.3 187.96 OK
r-devel-windows-ix86+x86_64 1.2.3 26.00 236.00 262.00 NOTE
r-patched-linux-x86_64 1.2.3 12.72 149.13 161.85 OK
r-patched-solaris-x86 1.2.3 236.40 WARN
r-release-linux-x86_64 1.2.3 12.35 150.34 162.69 OK
r-release-macos-x86_64 1.2.3 WARN
r-release-windows-ix86+x86_64 1.2.3 32.00 236.00 268.00 NOTE
r-oldrel-macos-x86_64 1.2.3 WARN
r-oldrel-windows-ix86+x86_64 1.2.3 18.00 155.00 173.00 NOTE

Check Details

Version: 1.2.3
Check: installed package size
Result: NOTE
     installed size is 6.4Mb
     sub-directories of 1Mb or more:
     data 2.4Mb
     doc 3.5Mb
Flavors: r-devel-linux-x86_64-fedora-clang, r-devel-windows-ix86+x86_64, r-patched-solaris-x86, r-release-macos-x86_64, r-release-windows-ix86+x86_64, r-oldrel-macos-x86_64, r-oldrel-windows-ix86+x86_64

Version: 1.2.3
Check: re-building of vignette outputs
Result: WARN
    Error(s) in re-building vignettes:
     ...
    --- re-building ‘FCPS.Rmd’ using rmarkdown
    Warning in engine$weave(file, quiet = quiet, encoding = enc) :
     Pandoc (>= 1.12.3) and/or pandoc-citeproc not available. Falling back to R Markdown v1.
    Loading required namespace: smacof
    Loading required namespace: plotly
    Warning: `arrange_()` is deprecated as of dplyr 0.7.0.
    Please use `arrange()` instead.
    See vignette('programming') for more help
    This warning is displayed once every 8 hours.
    Call `lifecycle::last_warnings()` to see where this warning was generated.
    PhantomJS not found. You can install it with webshot::install_phantomjs(). If it is installed, please make sure the phantomjs executable can be found via the PATH variable.
    Warning in normalizePath(f2) :
     path[1]="webshot633b2548388c.png": No such file or directory
    Warning in file(con, "rb") :
     cannot open file 'webshot633b2548388c.png': No such file or directory
    Quitting from lines 26-31 (FCPS.Rmd)
    Error: processing vignette 'FCPS.Rmd' failed with diagnostics:
    cannot open the connection
    --- failed re-building ‘FCPS.Rmd’
    
    SUMMARY: processing the following file failed:
     ‘FCPS.Rmd’
    
    Error: Vignette re-building failed.
    Execution halted
Flavor: r-patched-solaris-x86

Version: 1.2.3
Check: re-building of vignette outputs
Result: WARN
    Error(s) in re-building vignettes:
    --- re-building ‘FCPS.Rmd’ using rmarkdown
    Warning in engine$weave(file, quiet = quiet, encoding = enc) :
     Pandoc (>= 1.12.3) and/or pandoc-citeproc not available. Falling back to R Markdown v1.
    Loading required namespace: smacof
    Loading required namespace: plotly
    Warning: `arrange_()` is deprecated as of dplyr 0.7.0.
    Please use `arrange()` instead.
    See vignette('programming') for more help
    This warning is displayed once every 8 hours.
    Call `lifecycle::last_warnings()` to see where this warning was generated.
    PhantomJS not found. You can install it with webshot::install_phantomjs(). If it is installed, please make sure the phantomjs executable can be found via the PATH variable.
    Warning in normalizePath(f2) :
     path[1]="webshot103ea5061eb56.png": No such file or directory
    Warning in file(con, "rb") :
     cannot open file 'webshot103ea5061eb56.png': No such file or directory
    Quitting from lines 26-31 (FCPS.Rmd)
    Error: processing vignette 'FCPS.Rmd' failed with diagnostics:
    cannot open the connection
    --- failed re-building ‘FCPS.Rmd’
    
    SUMMARY: processing the following file failed:
     ‘FCPS.Rmd’
    
    Error: Vignette re-building failed.
    Execution halted
Flavor: r-release-macos-x86_64

Version: 1.2.3
Check: re-building of vignette outputs
Result: WARN
    Error(s) in re-building vignettes:
    --- re-building ‘FCPS.Rmd’ using rmarkdown
    Warning in engine$weave(file, quiet = quiet, encoding = enc) :
     Pandoc (>= 1.12.3) and/or pandoc-citeproc not available. Falling back to R Markdown v1.
    Loading required namespace: smacof
    Loading required namespace: plotly
    Warning: `arrange_()` is deprecated as of dplyr 0.7.0.
    Please use `arrange()` instead.
    See vignette('programming') for more help
    This warning is displayed once every 8 hours.
    Call `lifecycle::last_warnings()` to see where this warning was generated.
    PhantomJS not found. You can install it with webshot::install_phantomjs(). If it is installed, please make sure the phantomjs executable can be found via the PATH variable.
    Warning in normalizePath(f2) :
     path[1]="webshot11696ec1bed.png": No such file or directory
    Warning in file(con, "rb") :
     cannot open file 'webshot11696ec1bed.png': No such file or directory
    Quitting from lines 26-31 (FCPS.Rmd)
    Error: processing vignette 'FCPS.Rmd' failed with diagnostics:
    cannot open the connection
    --- failed re-building ‘FCPS.Rmd’
    
    SUMMARY: processing the following file failed:
     ‘FCPS.Rmd’
    
    Error: Vignette re-building failed.
    Execution halted
Flavor: r-oldrel-macos-x86_64