Last updated on 2022-06-28 10:49:06 CEST.
Flavor | Version | Tinstall | Tcheck | Ttotal | Status | Flags |
---|---|---|---|---|---|---|
r-devel-linux-x86_64-debian-clang | 3.1 | 5.28 | 41.79 | 47.07 | NOTE | |
r-devel-linux-x86_64-debian-gcc | 3.1 | 4.28 | 31.14 | 35.42 | NOTE | |
r-devel-linux-x86_64-fedora-clang | 3.1 | 67.50 | NOTE | |||
r-devel-linux-x86_64-fedora-gcc | 3.1 | 67.27 | NOTE | |||
r-devel-windows-x86_64 | 3.1 | 18.00 | 62.00 | 80.00 | NOTE | |
r-patched-linux-x86_64 | 3.1 | 6.13 | 40.24 | 46.37 | NOTE | |
r-release-linux-x86_64 | 3.1 | 4.49 | 39.84 | 44.33 | NOTE | |
r-release-macos-arm64 | 3.1 | 18.00 | NOTE | |||
r-release-macos-x86_64 | 3.1 | 28.00 | NOTE | |||
r-release-windows-x86_64 | 3.1 | 10.00 | 60.00 | 70.00 | NOTE | |
r-oldrel-macos-arm64 | 3.1 | 41.00 | NOTE | |||
r-oldrel-macos-x86_64 | 3.1 | 31.00 | NOTE | |||
r-oldrel-windows-ix86+x86_64 | 3.1 | 10.00 | 55.00 | 65.00 | NOTE |
Version: 3.1
Check: package dependencies
Result: NOTE
Package suggested but not available for checking: 'ExactData'
Flavors: r-devel-linux-x86_64-debian-clang, r-devel-linux-x86_64-debian-gcc, r-devel-linux-x86_64-fedora-clang, r-devel-linux-x86_64-fedora-gcc, r-devel-windows-x86_64, r-patched-linux-x86_64, r-release-linux-x86_64, r-release-macos-arm64, r-release-macos-x86_64, r-release-windows-x86_64, r-oldrel-macos-arm64, r-oldrel-macos-x86_64, r-oldrel-windows-ix86+x86_64