CRAN Package Check Results for Package EventDetectR

Last updated on 2020-08-13 09:48:54 CEST.

Flavor Version Tinstall Tcheck Ttotal Status Flags
r-devel-linux-x86_64-debian-clang 0.3.4 11.34 110.15 121.49 ERROR
r-devel-linux-x86_64-debian-gcc 0.3.4 9.32 91.52 100.84 OK
r-devel-linux-x86_64-fedora-clang 0.3.4 165.54 OK
r-devel-linux-x86_64-fedora-gcc 0.3.4 153.31 OK
r-devel-windows-ix86+x86_64 0.3.4 30.00 187.00 217.00 OK
r-patched-linux-x86_64 0.3.4 8.00 118.36 126.36 OK
r-patched-solaris-x86 0.3.4 217.60 OK
r-release-linux-x86_64 0.3.4 7.41 110.28 117.69 ERROR
r-release-macos-x86_64 0.3.4 OK
r-release-windows-ix86+x86_64 0.3.4 30.00 190.00 220.00 OK
r-oldrel-macos-x86_64 0.3.4 OK
r-oldrel-windows-ix86+x86_64 0.3.4 16.00 145.00 161.00 OK

Check Details

Version: 0.3.4
Check: package dependencies
Result: NOTE
    Package suggested but not available for checking: 'caret'
Flavors: r-devel-linux-x86_64-debian-clang, r-release-linux-x86_64

Version: 0.3.4
Check: examples
Result: ERROR
    Running examples in 'EventDetectR-Ex.R' failed
    The error most likely occurred in:
    
    > base::assign(".ptime", proc.time(), pos = "CheckExEnv")
    > ### Name: qualityStatistics
    > ### Title: qualityStatistics
    > ### Aliases: qualityStatistics
    >
    > ### ** Examples
    >
    > train <- geccoIC2018Train[15000:17000,]
    > edObject <- detectEvents(train[,-c(1,11)],windowSize = 1000,
    + nIterationsRefit = 500,verbosityLevel = 2,
    + postProcessorControl = list(nStandardDeviationseventThreshold = 3))
    > qualityStatistics(edObject, train$EVENT)
    Error: Package "caret" needed for this function to work. Please install it.
    Execution halted
Flavors: r-devel-linux-x86_64-debian-clang, r-release-linux-x86_64