Last updated on 2023-06-08 09:59:15 CEST.
Flavor | Version | Tinstall | Tcheck | Ttotal | Status | Flags |
---|---|---|---|---|---|---|
r-devel-linux-x86_64-debian-clang | 0.3.1 | 14.45 | 119.52 | 133.97 | NOTE | |
r-devel-linux-x86_64-debian-gcc | 0.3.1 | 12.13 | 90.13 | 102.26 | NOTE | |
r-devel-linux-x86_64-fedora-clang | 0.3.1 | 165.26 | NOTE | |||
r-devel-linux-x86_64-fedora-gcc | 0.3.1 | 162.73 | NOTE | |||
r-devel-windows-x86_64 | 0.3.1 | 14.00 | 94.00 | 108.00 | NOTE | |
r-patched-linux-x86_64 | 0.3.1 | 14.03 | 111.81 | 125.84 | NOTE | |
r-release-linux-x86_64 | 0.3.1 | 11.11 | 111.33 | 122.44 | NOTE | |
r-release-macos-arm64 | 0.3.1 | 45.00 | NOTE | |||
r-release-macos-x86_64 | 0.3.1 | 83.00 | NOTE | |||
r-release-windows-x86_64 | 0.3.1 | 18.00 | 117.00 | 135.00 | NOTE | |
r-oldrel-macos-arm64 | 0.3.1 | 46.00 | NOTE | |||
r-oldrel-macos-x86_64 | 0.3.1 | 75.00 | NOTE | |||
r-oldrel-windows-x86_64 | 0.3.1 | 19.00 | 125.00 | 144.00 | NOTE |
Version: 0.3.1
Check: LazyData
Result: NOTE
'LazyData' is specified without a 'data' directory
Flavors: r-devel-linux-x86_64-debian-clang, r-devel-linux-x86_64-debian-gcc, r-devel-linux-x86_64-fedora-clang, r-devel-linux-x86_64-fedora-gcc, r-devel-windows-x86_64, r-patched-linux-x86_64, r-release-linux-x86_64, r-release-macos-arm64, r-release-macos-x86_64, r-release-windows-x86_64, r-oldrel-macos-arm64, r-oldrel-macos-x86_64, r-oldrel-windows-x86_64