CRAN Package Check Results for Package EstHer

Last updated on 2023-02-04 10:54:30 CET.

Flavor Version Tinstall Tcheck Ttotal Status Flags
r-devel-linux-x86_64-debian-clang 1.0 40.24 83.68 123.92 OK
r-devel-linux-x86_64-debian-gcc 1.0 28.88 64.48 93.36 OK
r-devel-linux-x86_64-fedora-clang 1.0 163.27 NOTE
r-devel-linux-x86_64-fedora-gcc 1.0 150.50 NOTE
r-devel-windows-x86_64 1.0 36.00 133.00 169.00 OK
r-patched-linux-x86_64 1.0 32.23 82.92 115.15 OK
r-release-linux-x86_64 1.0 35.16 84.71 119.87 OK
r-release-macos-arm64 1.0 44.00 OK
r-release-macos-x86_64 1.0 59.00 OK
r-release-windows-x86_64 1.0 33.00 136.00 169.00 OK
r-oldrel-macos-arm64 1.0 54.00 OK
r-oldrel-macos-x86_64 1.0 62.00 OK
r-oldrel-windows-ix86+x86_64 1.0 84.00 156.00 240.00 OK

Check Details

Version: 1.0
Check: compiled code
Result: NOTE
    File ‘EstHer/libs/EstHer.so’:
     Found no calls to: ‘R_registerRoutines’, ‘R_useDynamicSymbols’
    
    It is good practice to register native routines and to disable symbol
    search.
    
    See ‘Writing portable packages’ in the ‘Writing R Extensions’ manual.
Flavors: r-devel-linux-x86_64-fedora-clang, r-devel-linux-x86_64-fedora-gcc