Last updated on 2024-05-11 09:51:18 CEST.
Flavor | Version | Tinstall | Tcheck | Ttotal | Status | Flags |
---|---|---|---|---|---|---|
r-devel-linux-x86_64-debian-clang | 2.2-4 | 14.46 | 212.75 | 227.21 | NOTE | |
r-devel-linux-x86_64-debian-gcc | 2.2-4 | 10.76 | 152.06 | 162.82 | NOTE | |
r-devel-linux-x86_64-fedora-clang | 2.2-4 | 276.40 | NOTE | |||
r-devel-linux-x86_64-fedora-gcc | 2.2-4 | 279.49 | NOTE | |||
r-devel-windows-x86_64 | 2.2-4 | 16.00 | 156.00 | 172.00 | NOTE | |
r-patched-linux-x86_64 | 2.2-4 | 18.81 | 199.51 | 218.32 | NOTE | |
r-release-linux-x86_64 | 2.2-4 | 14.97 | 195.18 | 210.15 | NOTE | |
r-release-macos-arm64 | 2.2-4 | 83.00 | NOTE | |||
r-release-windows-x86_64 | 2.2-4 | 14.00 | 153.00 | 167.00 | NOTE | |
r-oldrel-macos-arm64 | 2.2-4 | 80.00 | OK | |||
r-oldrel-macos-x86_64 | 2.2-4 | 144.00 | OK | |||
r-oldrel-windows-x86_64 | 2.2-4 | 18.00 | 199.00 | 217.00 | OK |
Version: 2.2-4
Check: Rd files
Result: NOTE
checkRd: (-1) estimate_R.Rd:59-62: Lost braces in \itemize; \value handles \item{}{} directly
checkRd: (-1) estimate_R.Rd:64-65: Lost braces in \itemize; \value handles \item{}{} directly
checkRd: (-1) estimate_R.Rd:67-68: Lost braces in \itemize; \value handles \item{}{} directly
checkRd: (-1) estimate_R.Rd:70-72: Lost braces in \itemize; \value handles \item{}{} directly
checkRd: (-1) estimate_R.Rd:74: Lost braces in \itemize; \value handles \item{}{} directly
checkRd: (-1) estimate_R.Rd:76-77: Lost braces in \itemize; \value handles \item{}{} directly
checkRd: (-1) estimate_R.Rd:79-80: Lost braces in \itemize; \value handles \item{}{} directly
checkRd: (-1) estimate_R.Rd:82: Lost braces in \itemize; \value handles \item{}{} directly
checkRd: (-1) estimate_R.Rd:84-86: Lost braces in \itemize; \value handles \item{}{} directly
checkRd: (-1) wallinga_teunis.Rd:48-51: Lost braces in \itemize; \value handles \item{}{} directly
checkRd: (-1) wallinga_teunis.Rd:51-52: Lost braces in \itemize; \value handles \item{}{} directly
checkRd: (-1) wallinga_teunis.Rd:53-54: Lost braces in \itemize; \value handles \item{}{} directly
checkRd: (-1) wallinga_teunis.Rd:54-55: Lost braces in \itemize; \value handles \item{}{} directly
checkRd: (-1) wallinga_teunis.Rd:55-56: Lost braces in \itemize; \value handles \item{}{} directly
checkRd: (-1) wallinga_teunis.Rd:56-58: Lost braces in \itemize; \value handles \item{}{} directly
checkRd: (-1) wallinga_teunis.Rd:58-59: Lost braces in \itemize; \value handles \item{}{} directly
Flavors: r-devel-linux-x86_64-debian-clang, r-devel-linux-x86_64-debian-gcc, r-devel-linux-x86_64-fedora-clang, r-devel-linux-x86_64-fedora-gcc, r-devel-windows-x86_64, r-patched-linux-x86_64, r-release-linux-x86_64, r-release-macos-arm64, r-release-windows-x86_64