CRAN Package Check Results for Package Epi

Last updated on 2020-08-14 10:03:33 CEST.

Flavor Version Tinstall Tcheck Ttotal Status Flags
r-devel-linux-x86_64-debian-clang 2.41 27.52 449.49 477.01 OK
r-devel-linux-x86_64-debian-gcc 2.41 18.49 331.31 349.80 OK
r-devel-linux-x86_64-fedora-clang 2.41 549.73 NOTE
r-devel-linux-x86_64-fedora-gcc 2.41 547.76 OK
r-devel-windows-ix86+x86_64 2.41 51.00 683.00 734.00 OK
r-patched-linux-x86_64 2.41 21.61 450.90 472.51 OK
r-patched-solaris-x86 2.41 947.70 OK
r-release-linux-x86_64 2.41 21.87 451.16 473.03 OK
r-release-macos-x86_64 2.41 OK
r-release-windows-ix86+x86_64 2.41 55.00 725.00 780.00 OK
r-oldrel-macos-x86_64 2.41 OK
r-oldrel-windows-ix86+x86_64 2.41 34.00 532.00 566.00 OK

Check Details

Version: 2.41
Check: Rd cross-references
Result: NOTE
    Undeclared packages ‘ilc’, ‘demography’ in Rd xrefs
Flavor: r-devel-linux-x86_64-fedora-clang