Last updated on 2022-06-30 09:52:40 CEST.
Flavor | Version | Tinstall | Tcheck | Ttotal | Status | Flags |
---|---|---|---|---|---|---|
r-devel-linux-x86_64-debian-clang | 1.4 | 3.33 | 35.00 | 38.33 | NOTE | |
r-devel-linux-x86_64-debian-gcc | 1.4 | 2.58 | 26.81 | 29.39 | NOTE | |
r-devel-linux-x86_64-fedora-clang | 1.4 | 56.46 | NOTE | |||
r-devel-linux-x86_64-fedora-gcc | 1.4 | 55.50 | NOTE | |||
r-devel-windows-x86_64 | 1.4 | 5.00 | 62.00 | 67.00 | OK | |
r-patched-linux-x86_64 | 1.4 | 3.08 | 34.17 | 37.25 | NOTE | |
r-release-linux-x86_64 | 1.4 | 2.93 | 33.60 | 36.53 | NOTE | |
r-release-macos-arm64 | 1.4 | 19.00 | OK | |||
r-release-macos-x86_64 | 1.4 | 27.00 | OK | |||
r-release-windows-x86_64 | 1.4 | 20.00 | 58.00 | 78.00 | OK | |
r-oldrel-macos-arm64 | 1.4 | 26.00 | OK | |||
r-oldrel-macos-x86_64 | 1.4 | 36.00 | OK | |||
r-oldrel-windows-ix86+x86_64 | 1.4 | 7.00 | 54.00 | 61.00 | OK |
Version: 1.4
Check: for non-standard things in the check directory
Result: NOTE
Found the following files/directories:
'Environmental variables.csv' 'Inf.txt' 'List of species.csv' 'Mean
overlap among taxa.csv' 'Overlap among taxa.csv' 'Pointsize.dat'
'Polar coordinates.csv'
Flavors: r-devel-linux-x86_64-debian-clang, r-devel-linux-x86_64-debian-gcc, r-devel-linux-x86_64-fedora-clang, r-devel-linux-x86_64-fedora-gcc, r-patched-linux-x86_64, r-release-linux-x86_64