CRAN Package Check Results for Package EloChoice

Last updated on 2022-05-28 10:50:44 CEST.

Flavor Version Tinstall Tcheck Ttotal Status Flags
r-devel-linux-x86_64-debian-clang 0.29.4 29.82 119.51 149.33 OK
r-devel-linux-x86_64-debian-gcc 0.29.4 25.44 100.33 125.77 OK
r-devel-linux-x86_64-fedora-clang 0.29.4 192.20 NOTE
r-devel-linux-x86_64-fedora-gcc 0.29.4 189.31 OK
r-devel-windows-x86_64 0.29.4 40.00 166.00 206.00 OK
r-patched-linux-x86_64 0.29.4 25.15 115.55 140.70 OK
r-release-linux-x86_64 0.29.4 30.17 110.35 140.52 OK
r-release-macos-arm64 0.29.4 71.00 OK
r-release-macos-x86_64 0.29.4 86.00 OK
r-release-windows-x86_64 0.29.4 41.00 170.00 211.00 OK
r-oldrel-macos-arm64 0.29.4 93.00 OK
r-oldrel-macos-x86_64 0.29.4 130.00 OK
r-oldrel-windows-ix86+x86_64 0.29.4 83.00 191.00 274.00 OK

Check Details

Version: 0.29.4
Check: Rd cross-references
Result: NOTE
    Undeclared package ‘EloRating’ in Rd xrefs
Flavor: r-devel-linux-x86_64-fedora-clang