CRAN Package Check Results for Package EcoNetGen

Last updated on 2023-01-28 10:51:27 CET.

Flavor Version Tinstall Tcheck Ttotal Status Flags
r-devel-linux-x86_64-debian-clang 0.2.3 8.46 54.84 63.30 NOTE
r-devel-linux-x86_64-debian-gcc 0.2.3 6.50 41.74 48.24 NOTE
r-devel-linux-x86_64-fedora-clang 0.2.3 77.10 NOTE
r-devel-linux-x86_64-fedora-gcc 0.2.3 75.66 NOTE
r-devel-windows-x86_64 0.2.3 23.00 83.00 106.00 NOTE
r-patched-linux-x86_64 0.2.3 5.75 53.60 59.35 NOTE
r-release-linux-x86_64 0.2.3 8.60 55.22 63.82 NOTE
r-release-macos-arm64 0.2.3 32.00 NOTE
r-release-macos-x86_64 0.2.3 57.00 NOTE
r-release-windows-x86_64 0.2.3 25.00 75.00 100.00 NOTE
r-oldrel-macos-arm64 0.2.3 38.00 NOTE
r-oldrel-macos-x86_64 0.2.3 44.00 NOTE
r-oldrel-windows-ix86+x86_64 0.2.3 24.00 104.00 128.00 NOTE

Check Details

Version: 0.2.3
Check: LazyData
Result: NOTE
     'LazyData' is specified without a 'data' directory
Flavors: r-devel-linux-x86_64-debian-clang, r-devel-linux-x86_64-debian-gcc, r-devel-linux-x86_64-fedora-clang, r-devel-linux-x86_64-fedora-gcc, r-devel-windows-x86_64, r-patched-linux-x86_64, r-release-linux-x86_64, r-release-macos-arm64, r-release-macos-x86_64, r-release-windows-x86_64, r-oldrel-macos-arm64, r-oldrel-macos-x86_64, r-oldrel-windows-ix86+x86_64