CRAN Package Check Results for Package EasyABC

Last updated on 2022-08-08 09:50:38 CEST.

Flavor Version Tinstall Tcheck Ttotal Status Flags
r-devel-linux-x86_64-debian-clang 1.5 18.58 115.43 134.01 OK
r-devel-linux-x86_64-debian-gcc 1.5 15.09 88.04 103.13 OK
r-devel-linux-x86_64-fedora-clang 1.5 179.63 NOTE
r-devel-linux-x86_64-fedora-gcc 1.5 179.22 NOTE
r-devel-windows-x86_64 1.5 27.00 146.00 173.00 OK
r-patched-linux-x86_64 1.5 17.87 112.82 130.69 OK
r-release-linux-x86_64 1.5 OK
r-release-macos-arm64 1.5 56.00 OK
r-release-macos-x86_64 1.5 66.00 OK
r-release-windows-x86_64 1.5 31.00 151.00 182.00 OK
r-oldrel-macos-arm64 1.5 53.00 OK
r-oldrel-macos-x86_64 1.5 82.00 OK
r-oldrel-windows-ix86+x86_64 1.5 40.00 182.00 222.00 OK

Check Details

Version: 1.5
Check: compiled code
Result: NOTE
    File ‘EasyABC/libs/EasyABC.so’:
     Found no calls to: ‘R_registerRoutines’, ‘R_useDynamicSymbols’
    
    It is good practice to register native routines and to disable symbol
    search.
    
    See ‘Writing portable packages’ in the ‘Writing R Extensions’ manual.
Flavors: r-devel-linux-x86_64-fedora-clang, r-devel-linux-x86_64-fedora-gcc