Last updated on 2024-05-11 09:51:18 CEST.
Flavor | Version | Tinstall | Tcheck | Ttotal | Status | Flags |
---|---|---|---|---|---|---|
r-devel-linux-x86_64-debian-clang | 3.1.1 | 6.04 | 443.19 | 449.23 | OK | |
r-devel-linux-x86_64-debian-gcc | 3.1.1 | 4.87 | 352.83 | 357.70 | OK | |
r-devel-linux-x86_64-fedora-clang | 3.1.1 | 554.59 | NOTE | |||
r-devel-linux-x86_64-fedora-gcc | 3.1.1 | 619.60 | NOTE | |||
r-devel-windows-x86_64 | 3.1.1 | 6.00 | 318.00 | 324.00 | OK | |
r-patched-linux-x86_64 | 3.1.1 | 3.95 | 420.60 | 424.55 | OK | |
r-release-linux-x86_64 | 3.1.1 | 4.12 | 440.48 | 444.60 | OK | |
r-release-macos-arm64 | 3.1.1 | 242.00 | OK | |||
r-release-macos-x86_64 | 3.1.1 | 372.00 | OK | |||
r-release-windows-x86_64 | 3.1.1 | 6.00 | 380.00 | 386.00 | OK | |
r-oldrel-macos-arm64 | 3.1.1 | 253.00 | OK | |||
r-oldrel-macos-x86_64 | 3.1.1 | 317.00 | OK | |||
r-oldrel-windows-x86_64 | 3.1.1 | 8.00 | 420.00 | 428.00 | OK |
Version: 3.1.1
Check: dependencies in R code
Result: NOTE
Namespace in Imports field not imported from: ‘BiocStyle’
All declared Imports should be used.
Flavors: r-devel-linux-x86_64-fedora-clang, r-devel-linux-x86_64-fedora-gcc