Last updated on 2023-05-29 09:55:52 CEST.
Flavor | Version | Tinstall | Tcheck | Ttotal | Status | Flags |
---|---|---|---|---|---|---|
r-devel-linux-x86_64-debian-clang | 0.1.0 | 7.41 | 69.37 | 76.78 | NOTE | |
r-devel-linux-x86_64-debian-gcc | 0.1.0 | 5.91 | 51.60 | 57.51 | NOTE | |
r-devel-linux-x86_64-fedora-clang | 0.1.0 | 98.56 | NOTE | |||
r-devel-linux-x86_64-fedora-gcc | 0.1.0 | 90.57 | NOTE | |||
r-devel-windows-x86_64 | 0.1.0 | 8.00 | 65.00 | 73.00 | NOTE | |
r-patched-linux-x86_64 | 0.1.0 | 5.70 | 66.12 | 71.82 | NOTE | |
r-release-linux-x86_64 | 0.1.0 | 4.82 | 65.69 | 70.51 | NOTE | |
r-release-macos-arm64 | 0.1.0 | 29.00 | NOTE | |||
r-release-macos-x86_64 | 0.1.0 | 48.00 | NOTE | |||
r-release-windows-x86_64 | 0.1.0 | 11.00 | 77.00 | 88.00 | NOTE | |
r-oldrel-macos-arm64 | 0.1.0 | 34.00 | NOTE | |||
r-oldrel-macos-x86_64 | 0.1.0 | 60.00 | NOTE | |||
r-oldrel-windows-x86_64 | 0.1.0 | 11.00 | 83.00 | 94.00 | NOTE |
Version: 0.1.0
Check: LazyData
Result: NOTE
'LazyData' is specified without a 'data' directory
Flavors: r-devel-linux-x86_64-debian-clang, r-devel-linux-x86_64-debian-gcc, r-devel-linux-x86_64-fedora-clang, r-devel-linux-x86_64-fedora-gcc, r-devel-windows-x86_64, r-patched-linux-x86_64, r-release-linux-x86_64, r-release-macos-arm64, r-release-macos-x86_64, r-release-windows-x86_64, r-oldrel-macos-arm64, r-oldrel-macos-x86_64, r-oldrel-windows-x86_64