Last updated on 2024-04-28 10:53:52 CEST.
Flavor | Version | Tinstall | Tcheck | Ttotal | Status | Flags |
---|---|---|---|---|---|---|
r-devel-linux-x86_64-debian-clang | 1.0 | 1.85 | 29.88 | 31.73 | OK | |
r-devel-linux-x86_64-debian-gcc | 1.0 | 1.62 | 22.46 | 24.08 | OK | |
r-devel-linux-x86_64-fedora-clang | 1.0 | 40.09 | NOTE | |||
r-devel-linux-x86_64-fedora-gcc | 1.0 | 37.30 | OK | |||
r-devel-windows-x86_64 | 1.0 | 3.00 | 44.00 | 47.00 | OK | |
r-patched-linux-x86_64 | 1.0 | 2.01 | 28.74 | 30.75 | OK | |
r-release-linux-x86_64 | 1.0 | 1.89 | 26.24 | 28.13 | OK | |
r-release-macos-arm64 | 1.0 | 16.00 | OK | |||
r-release-windows-x86_64 | 1.0 | 4.00 | 43.00 | 47.00 | OK | |
r-oldrel-macos-arm64 | 1.0 | 17.00 | OK | |||
r-oldrel-macos-x86_64 | 1.0 | 23.00 | OK | |||
r-oldrel-windows-x86_64 | 1.0 | 3.00 | 44.00 | 47.00 | OK |
Version: 1.0
Check: Rd cross-references
Result: NOTE
Undeclared package ‘T2EQ’ in Rd xrefs
Flavor: r-devel-linux-x86_64-fedora-clang