Last updated on 2024-05-04 09:49:33 CEST.
Flavor | Version | Tinstall | Tcheck | Ttotal | Status | Flags |
---|---|---|---|---|---|---|
r-devel-linux-x86_64-debian-clang | 1.3 | 23.34 | 50.08 | 73.42 | OK | |
r-devel-linux-x86_64-debian-gcc | 1.3 | 20.92 | 38.08 | 59.00 | OK | |
r-devel-linux-x86_64-fedora-clang | 1.3 | 108.93 | OK | |||
r-devel-linux-x86_64-fedora-gcc | 1.3 | 102.79 | OK | |||
r-devel-windows-x86_64 | 1.3 | 22.00 | 77.00 | 99.00 | OK | |
r-patched-linux-x86_64 | 1.3 | 25.14 | 48.14 | 73.28 | OK | |
r-release-linux-x86_64 | 1.3 | 26.72 | 46.76 | 73.48 | OK | |
r-release-macos-arm64 | 1.3 | 32.00 | NOTE | |||
r-release-macos-x86_64 | 1.3 | 58.00 | NOTE | |||
r-release-windows-x86_64 | 1.3 | 23.00 | 77.00 | 100.00 | OK | |
r-oldrel-macos-arm64 | 1.3 | 35.00 | NOTE | |||
r-oldrel-macos-x86_64 | 1.3 | 45.00 | NOTE | |||
r-oldrel-windows-x86_64 | 1.3 | 20.00 | 89.00 | 109.00 | NOTE |
Version: 1.3
Check: installed package size
Result: NOTE
installed size is 5.2Mb
sub-directories of 1Mb or more:
data 3.9Mb
libs 1.1Mb
Flavors: r-release-macos-arm64, r-release-macos-x86_64, r-oldrel-macos-arm64, r-oldrel-macos-x86_64, r-oldrel-windows-x86_64