Last updated on 2024-03-29 11:53:51 CET.
Flavor | Version | Tinstall | Tcheck | Ttotal | Status | Flags |
---|---|---|---|---|---|---|
r-devel-linux-x86_64-debian-clang | 0.1.4 | 7.30 | 89.81 | 97.11 | NOTE | |
r-devel-linux-x86_64-debian-gcc | 0.1.4 | 6.73 | 68.69 | 75.42 | NOTE | |
r-devel-linux-x86_64-fedora-clang | 0.1.4 | 137.58 | NOTE | |||
r-devel-linux-x86_64-fedora-gcc | 0.1.4 | 137.88 | NOTE | |||
r-devel-windows-x86_64 | 0.1.4 | 9.00 | 103.00 | 112.00 | NOTE | |
r-patched-linux-x86_64 | 0.1.4 | 6.06 | 85.51 | 91.57 | NOTE | |
r-release-linux-x86_64 | 0.1.4 | 5.27 | 89.06 | 94.33 | OK | |
r-release-macos-arm64 | 0.1.4 | 54.00 | OK | |||
r-release-macos-x86_64 | 0.1.4 | 77.00 | OK | |||
r-release-windows-x86_64 | 0.1.4 | 12.00 | 118.00 | 130.00 | OK | |
r-oldrel-macos-arm64 | 0.1.4 | 40.00 | OK | |||
r-oldrel-windows-x86_64 | 0.1.4 | 12.00 | 111.00 | 123.00 | OK |
Version: 0.1.4
Check: Rd files
Result: NOTE
checkRd: (-1) generate_individual_graphs.Rd:11: Lost braces
11 | code{\link[DrDimont]{compute_correlation_matrices}}}
| ^
Flavors: r-devel-linux-x86_64-debian-clang, r-devel-linux-x86_64-debian-gcc, r-devel-linux-x86_64-fedora-clang, r-devel-linux-x86_64-fedora-gcc, r-devel-windows-x86_64, r-patched-linux-x86_64