Last updated on 2022-05-20 09:52:04 CEST.
Flavor | Version | Tinstall | Tcheck | Ttotal | Status | Flags |
---|---|---|---|---|---|---|
r-devel-linux-x86_64-debian-clang | 1.0.9 | 18.24 | 274.36 | 292.60 | OK | |
r-devel-linux-x86_64-debian-gcc | 1.0.9 | 15.92 | 201.31 | 217.23 | OK | |
r-devel-linux-x86_64-fedora-clang | 1.0.9 | 341.17 | NOTE | |||
r-devel-windows-x86_64 | 1.0.9 | 277.00 | 362.00 | 639.00 | OK | |
r-patched-linux-x86_64 | 1.0.9 | 26.78 | 256.47 | 283.25 | OK | |
r-release-linux-x86_64 | 1.0.9 | 19.66 | 259.27 | 278.93 | OK | |
r-release-macos-arm64 | 1.0.9 | 84.00 | NOTE | |||
r-release-macos-x86_64 | 1.0.9 | 159.00 | NOTE | |||
r-release-windows-x86_64 | 1.0.9 | 236.00 | 345.00 | 581.00 | OK | |
r-oldrel-macos-arm64 | 1.0.9 | 81.00 | NOTE | |||
r-oldrel-macos-x86_64 | 1.0.9 | 122.00 | NOTE | |||
r-oldrel-windows-ix86+x86_64 | 1.0.9 | 39.00 | 351.00 | 390.00 | OK |
Version: 1.0.9
Check: data for non-ASCII characters
Result: NOTE
Note: found 1 marked UTF-8 string
Flavors: r-devel-linux-x86_64-fedora-clang, r-release-macos-arm64, r-release-macos-x86_64, r-oldrel-macos-arm64, r-oldrel-macos-x86_64