CRAN Package Check Results for Package Deducer

Last updated on 2020-08-14 10:03:31 CEST.

Flavor Version Tinstall Tcheck Ttotal Status Flags
r-devel-linux-x86_64-debian-clang 0.7-9 21.98 168.97 190.95 OK
r-devel-linux-x86_64-debian-gcc 0.7-9 17.76 124.79 142.55 OK
r-devel-linux-x86_64-fedora-clang 0.7-9 213.25 OK
r-devel-linux-x86_64-fedora-gcc 0.7-9 192.87 OK
r-devel-windows-ix86+x86_64 0.7-9 62.00 217.00 279.00 OK
r-patched-linux-x86_64 0.7-9 19.81 161.40 181.21 OK
r-patched-solaris-x86 0.7-9 303.10 NOTE
r-release-linux-x86_64 0.7-9 22.24 160.56 182.80 OK
r-release-macos-x86_64 0.7-9 OK
r-release-windows-ix86+x86_64 0.7-9 62.00 152.00 214.00 OK
r-oldrel-macos-x86_64 0.7-9 OK
r-oldrel-windows-ix86+x86_64 0.7-9 31.00 141.00 172.00 OK

Check Details

Version: 0.7-9
Check: package dependencies
Result: NOTE
    Package suggested but not available for checking: ‘XLConnect’
Flavor: r-patched-solaris-x86