CRAN Package Check Results for Package DarkDiv

Last updated on 2022-01-25 09:48:32 CET.

Flavor Version Tinstall Tcheck Ttotal Status Flags
r-devel-linux-x86_64-debian-clang 0.3.0 6.68 74.07 80.75 NOTE
r-devel-linux-x86_64-debian-gcc 0.3.0 7.58 64.89 72.47 NOTE
r-devel-linux-x86_64-fedora-clang 0.3.0 94.47 NOTE
r-devel-linux-x86_64-fedora-gcc 0.3.0 86.99 NOTE
r-devel-windows-x86_64-new-UL 0.3.0 17.00 89.00 106.00 NOTE
r-devel-windows-x86_64-new-TK 0.3.0 NOTE
r-patched-linux-x86_64 0.3.0 5.21 67.45 72.66 NOTE
r-release-linux-x86_64 0.3.0 7.13 66.46 73.59 NOTE
r-release-macos-arm64 0.3.0 NOTE
r-release-macos-x86_64 0.3.0 NOTE
r-release-windows-ix86+x86_64 0.3.0 20.00 80.00 100.00 NOTE
r-oldrel-macos-x86_64 0.3.0 OK
r-oldrel-windows-ix86+x86_64 0.3.0 20.00 82.00 102.00 OK

Check Details

Version: 0.3.0
Check: LazyData
Result: NOTE
     'LazyData' is specified without a 'data' directory
Flavors: r-devel-linux-x86_64-debian-clang, r-devel-linux-x86_64-debian-gcc, r-devel-linux-x86_64-fedora-clang, r-devel-linux-x86_64-fedora-gcc, r-devel-windows-x86_64-new-UL, r-devel-windows-x86_64-new-TK, r-patched-linux-x86_64, r-release-linux-x86_64, r-release-macos-arm64, r-release-macos-x86_64, r-release-windows-ix86+x86_64