CRAN Package Check Results for Package DT

Last updated on 2020-07-04 09:49:35 CEST.

Flavor Version Tinstall Tcheck Ttotal Status Flags
r-devel-linux-x86_64-debian-clang 0.14 5.12 34.15 39.27 OK
r-devel-linux-x86_64-debian-gcc 0.14 3.45 27.43 30.88 OK
r-devel-linux-x86_64-fedora-clang 0.14 55.26 NOTE
r-devel-linux-x86_64-fedora-gcc 0.14 45.14 OK
r-devel-windows-ix86+x86_64 0.14 19.00 68.00 87.00 OK
r-patched-linux-x86_64 0.14 4.98 34.02 39.00 OK
r-patched-solaris-x86 0.14 68.20 OK
r-release-linux-x86_64 0.14 5.49 34.49 39.98 OK
r-release-osx-x86_64 0.14 OK
r-release-windows-ix86+x86_64 0.14 19.00 70.00 89.00 OK
r-oldrel-osx-x86_64 0.14 OK
r-oldrel-windows-ix86+x86_64 0.14 30.00 63.00 93.00 OK

Check Details

Version: 0.14
Check: installed package size
Result: NOTE
     installed size is 5.4Mb
     sub-directories of 1Mb or more:
     htmlwidgets 4.4Mb
Flavor: r-devel-linux-x86_64-fedora-clang