Last updated on 2023-02-07 10:53:54 CET.
Flavor | Version | Tinstall | Tcheck | Ttotal | Status | Flags |
---|---|---|---|---|---|---|
r-devel-linux-x86_64-debian-clang | 3.0 | 156.15 | 280.46 | 436.61 | NOTE | |
r-devel-linux-x86_64-debian-gcc | 3.0 | 119.74 | 211.11 | 330.85 | NOTE | |
r-devel-linux-x86_64-fedora-clang | 3.0 | 623.07 | NOTE | |||
r-devel-linux-x86_64-fedora-gcc | 3.0 | 568.94 | NOTE | |||
r-devel-windows-x86_64 | 3.0 | 125.00 | 334.00 | 459.00 | NOTE | |
r-patched-linux-x86_64 | 3.0 | 133.15 | 274.61 | 407.76 | OK | |
r-release-linux-x86_64 | 3.0 | 135.23 | 275.34 | 410.57 | OK | |
r-release-macos-arm64 | 3.0 | 158.00 | NOTE | |||
r-release-macos-x86_64 | 3.0 | 182.00 | NOTE | |||
r-release-windows-x86_64 | 3.0 | 124.00 | 344.00 | 468.00 | OK | |
r-oldrel-macos-arm64 | 3.0 | 133.00 | NOTE | |||
r-oldrel-macos-x86_64 | 3.0 | 180.00 | NOTE | |||
r-oldrel-windows-ix86+x86_64 | 3.0 | 366.00 | 431.00 | 797.00 | OK |
Version: 3.0
Check: C++ specification
Result: NOTE
Specified C++11: please update to current default of C++17
Flavors: r-devel-linux-x86_64-debian-clang, r-devel-linux-x86_64-debian-gcc, r-devel-linux-x86_64-fedora-clang, r-devel-windows-x86_64
Version: 3.0
Check: C++ specification
Result: NOTE
Specified C++11: please drop specification unless essential
Flavor: r-devel-linux-x86_64-fedora-gcc
Version: 3.0
Check: installed package size
Result: NOTE
installed size is 10.1Mb
sub-directories of 1Mb or more:
data 1.6Mb
libs 8.2Mb
Flavors: r-release-macos-arm64, r-release-macos-x86_64, r-oldrel-macos-arm64, r-oldrel-macos-x86_64