Last updated on 2024-04-23 10:54:01 CEST.
Flavor | Version | Tinstall | Tcheck | Ttotal | Status | Flags |
---|---|---|---|---|---|---|
r-devel-linux-x86_64-debian-clang | 0.2.3 | 5.59 | 54.54 | 60.13 | NOTE | |
r-devel-linux-x86_64-debian-gcc | 0.2.3 | 5.64 | 42.00 | 47.64 | NOTE | |
r-devel-linux-x86_64-fedora-clang | 0.2.3 | 84.18 | NOTE | |||
r-devel-linux-x86_64-fedora-gcc | 0.2.3 | 79.28 | NOTE | |||
r-prerel-macos-arm64 | 0.2.3 | 25.00 | NOTE | |||
r-prerel-windows-x86_64 | 0.2.3 | 8.00 | 63.00 | 71.00 | NOTE | |
r-patched-linux-x86_64 | 0.2.3 | 5.06 | 52.99 | 58.05 | NOTE | |
r-release-linux-x86_64 | 0.2.3 | 5.15 | 53.46 | 58.61 | OK | |
r-release-macos-arm64 | 0.2.3 | 28.00 | OK | |||
r-release-macos-x86_64 | 0.2.3 | 46.00 | OK | |||
r-release-windows-x86_64 | 0.2.3 | 10.00 | 70.00 | 80.00 | OK | |
r-oldrel-macos-arm64 | 0.2.3 | 32.00 | OK | |||
r-oldrel-windows-x86_64 | 0.2.3 | 11.00 | 75.00 | 86.00 | OK |
Version: 0.2.3
Check: Rd files
Result: NOTE
checkRd: (-1) module_atemp_pl_server.Rd:19: Lost braces; missing escapes or markup?
19 | expression: input_re = reactive({input})}
| ^
checkRd: (-1) module_completeness_server.Rd:19: Lost braces; missing escapes or markup?
19 | expression: input_re = reactive({input})}
| ^
checkRd: (-1) module_config_server.Rd:19: Lost braces; missing escapes or markup?
19 | expression: input_re = reactive({input})}
| ^
checkRd: (-1) module_dashboard_server.Rd:19: Lost braces; missing escapes or markup?
19 | expression: input_re = reactive({input})}
| ^
checkRd: (-1) module_descriptive_server.Rd:19: Lost braces; missing escapes or markup?
19 | expression: input_re = reactive({input})}
| ^
checkRd: (-1) module_log_server.Rd:19: Lost braces; missing escapes or markup?
19 | expression: input_re = reactive({input})}
| ^
checkRd: (-1) module_mdr_server.Rd:19: Lost braces; missing escapes or markup?
19 | expression: input_re = reactive({input})}
| ^
checkRd: (-1) module_report_server.Rd:19: Lost braces; missing escapes or markup?
19 | expression: input_re = reactive({input})}
| ^
checkRd: (-1) module_uniq_plaus_server.Rd:19: Lost braces; missing escapes or markup?
19 | expression: input_re = reactive({input})}
| ^
Flavors: r-devel-linux-x86_64-debian-clang, r-devel-linux-x86_64-debian-gcc, r-devel-linux-x86_64-fedora-clang, r-devel-linux-x86_64-fedora-gcc, r-prerel-macos-arm64, r-prerel-windows-x86_64, r-patched-linux-x86_64