CRAN Package Check Results for Package DLMtool

Last updated on 2020-08-07 10:07:27 CEST.

Flavor Version Tinstall Tcheck Ttotal Status Flags
r-devel-linux-x86_64-debian-clang 5.4.5 127.99 226.51 354.50 OK
r-devel-linux-x86_64-debian-gcc 5.4.5 101.08 164.40 265.48 OK
r-devel-linux-x86_64-fedora-clang 5.4.5 439.19 NOTE
r-devel-linux-x86_64-fedora-gcc 5.4.5 426.00 OK
r-devel-windows-ix86+x86_64 5.4.5 296.00 359.00 655.00 NOTE --no-vignettes
r-patched-linux-x86_64 5.4.5 109.91 220.12 330.03 OK
r-patched-solaris-x86 5.4.5 446.60 NOTE --no-build-vignettes
r-release-linux-x86_64 5.4.5 112.75 222.36 335.11 OK
r-release-macos-x86_64 5.4.5 NOTE
r-release-windows-ix86+x86_64 5.4.5 288.00 397.00 685.00 NOTE --no-vignettes
r-oldrel-macos-x86_64 5.4.5 NOTE
r-oldrel-windows-ix86+x86_64 5.4.5 190.00 336.00 526.00 NOTE --no-vignettes

Check Details

Version: 5.4.5
Check: installed package size
Result: NOTE
     installed size is 10.6Mb
     sub-directories of 1Mb or more:
     R 1.6Mb
     data 3.3Mb
     libs 4.6Mb
Flavors: r-devel-linux-x86_64-fedora-clang, r-release-macos-x86_64, r-oldrel-macos-x86_64

Version: 5.4.5
Flags: --no-vignettes
Check: installed package size
Result: NOTE
     installed size is 8.5Mb
     sub-directories of 1Mb or more:
     R 1.6Mb
     data 3.3Mb
     libs 2.5Mb
Flavors: r-devel-windows-ix86+x86_64, r-release-windows-ix86+x86_64, r-oldrel-windows-ix86+x86_64

Version: 5.4.5
Flags: --no-build-vignettes
Check: installed package size
Result: NOTE
     installed size is 6.7Mb
     sub-directories of 1Mb or more:
     R 1.8Mb
     data 3.4Mb
Flavor: r-patched-solaris-x86