Last updated on 2023-01-27 10:50:14 CET.
Flavor | Version | Tinstall | Tcheck | Ttotal | Status | Flags |
---|---|---|---|---|---|---|
r-devel-linux-x86_64-debian-clang | 1.7.4 | 43.45 | 131.39 | 174.84 | OK | |
r-devel-linux-x86_64-debian-gcc | 1.7.4 | 34.58 | 96.64 | 131.22 | NOTE | |
r-devel-linux-x86_64-fedora-clang | 1.7.4 | 233.52 | OK | |||
r-devel-linux-x86_64-fedora-gcc | 1.7.4 | 208.49 | NOTE | |||
r-devel-windows-x86_64 | 1.7.4 | 51.00 | 181.00 | 232.00 | OK | |
r-patched-linux-x86_64 | 1.7.4 | 34.26 | 120.81 | 155.07 | OK | |
r-release-linux-x86_64 | 1.7.4 | 35.51 | 126.22 | 161.73 | OK | |
r-release-macos-arm64 | 1.7.4 | 58.00 | OK | |||
r-release-macos-x86_64 | 1.7.4 | 107.00 | OK | |||
r-release-windows-x86_64 | 1.7.4 | 100.00 | 175.00 | 275.00 | OK | |
r-oldrel-macos-arm64 | 1.7.4 | 45.00 | OK | |||
r-oldrel-macos-x86_64 | 1.7.4 | 77.00 | OK | |||
r-oldrel-windows-ix86+x86_64 | 1.7.4 | 105.00 | 211.00 | 316.00 | OK |
Version: 1.7.4
Check: C++ specification
Result: NOTE
Specified C++11: please update to current default of C++17
Flavors: r-devel-linux-x86_64-debian-gcc, r-devel-linux-x86_64-fedora-gcc