Last updated on 2024-04-18 10:49:45 CEST.
Flavor | Version | Tinstall | Tcheck | Ttotal | Status | Flags |
---|---|---|---|---|---|---|
r-devel-linux-x86_64-debian-clang | 0.5.3 | 418.59 | 154.46 | 573.05 | NOTE | |
r-devel-linux-x86_64-debian-gcc | 0.5.3 | 355.76 | 131.61 | 487.37 | NOTE | |
r-devel-linux-x86_64-fedora-clang | 0.5.3 | 686.65 | NOTE | |||
r-devel-linux-x86_64-fedora-gcc | 0.5.3 | 852.60 | NOTE | |||
r-prerel-macos-arm64 | 0.5.3 | 163.00 | NOTE | |||
r-prerel-windows-x86_64 | 0.5.3 | 284.00 | 147.00 | 431.00 | NOTE | |
r-patched-linux-x86_64 | 0.5.3 | 343.35 | 171.57 | 514.92 | NOTE | |
r-release-linux-x86_64 | 0.5.3 | 404.62 | 168.03 | 572.65 | NOTE | |
r-release-macos-arm64 | 0.5.3 | 174.00 | NOTE | |||
r-release-macos-x86_64 | 0.5.3 | 283.00 | NOTE | |||
r-release-windows-x86_64 | 0.5.3 | 379.00 | 189.00 | 568.00 | NOTE | |
r-oldrel-macos-arm64 | 0.5.3 | 160.00 | NOTE | |||
r-oldrel-windows-x86_64 | 0.5.3 | 345.00 | 184.00 | 529.00 | NOTE |
Version: 0.5.3
Check: for GNU extensions in Makefiles
Result: NOTE
GNU make is a SystemRequirements.
Flavors: r-devel-linux-x86_64-debian-clang, r-devel-linux-x86_64-debian-gcc, r-devel-linux-x86_64-fedora-clang, r-devel-linux-x86_64-fedora-gcc, r-prerel-macos-arm64, r-prerel-windows-x86_64, r-patched-linux-x86_64, r-release-linux-x86_64, r-release-macos-arm64, r-release-macos-x86_64, r-release-windows-x86_64, r-oldrel-macos-arm64, r-oldrel-windows-x86_64
Version: 0.5.3
Check: data for non-ASCII characters
Result: NOTE
Note: found 38 marked UTF-8 strings
Flavors: r-devel-linux-x86_64-fedora-clang, r-devel-linux-x86_64-fedora-gcc, r-oldrel-macos-arm64
Version: 0.5.3
Check: installed package size
Result: NOTE
installed size is 84.0Mb
sub-directories of 1Mb or more:
libs 83.6Mb
Flavors: r-prerel-macos-arm64, r-release-macos-arm64, r-release-macos-x86_64, r-oldrel-macos-arm64