Last updated on 2024-03-29 11:53:49 CET.
Flavor | Version | Tinstall | Tcheck | Ttotal | Status | Flags |
---|---|---|---|---|---|---|
r-devel-linux-x86_64-debian-clang | 0.1.0 | 5.07 | 56.03 | 61.10 | OK | |
r-devel-linux-x86_64-debian-gcc | 0.1.0 | 2.85 | 42.39 | 45.24 | OK | |
r-devel-linux-x86_64-fedora-clang | 0.1.0 | 82.63 | NOTE | |||
r-devel-linux-x86_64-fedora-gcc | 0.1.0 | 88.95 | NOTE | |||
r-devel-windows-x86_64 | 0.1.0 | 8.00 | 70.00 | 78.00 | OK | |
r-patched-linux-x86_64 | 0.1.0 | 3.79 | 54.99 | 58.78 | OK | |
r-release-linux-x86_64 | 0.1.0 | 3.38 | 52.10 | 55.48 | OK | |
r-release-macos-arm64 | 0.1.0 | 37.00 | OK | |||
r-release-macos-x86_64 | 0.1.0 | 49.00 | OK | |||
r-release-windows-x86_64 | 0.1.0 | 9.00 | 75.00 | 84.00 | OK | |
r-oldrel-macos-arm64 | 0.1.0 | 29.00 | OK | |||
r-oldrel-windows-x86_64 | 0.1.0 | 9.00 | 79.00 | 88.00 | OK |
Version: 0.1.0
Check: compiled code
Result: NOTE
File ‘ConsReg/libs/ConsReg.so’:
Found no calls to: ‘R_registerRoutines’, ‘R_useDynamicSymbols’
It is good practice to register native routines and to disable symbol
search.
See ‘Writing portable packages’ in the ‘Writing R Extensions’ manual.
Flavors: r-devel-linux-x86_64-fedora-clang, r-devel-linux-x86_64-fedora-gcc