Last updated on 2024-04-24 10:22:51 CEST.
Flavor | Version | Tinstall | Tcheck | Ttotal | Status | Flags |
---|---|---|---|---|---|---|
r-devel-linux-x86_64-debian-clang | 1.0.0 | 3.31 | 22.28 | 25.59 | NOTE | |
r-devel-linux-x86_64-debian-gcc | 1.0.0 | 2.08 | 17.45 | 19.53 | NOTE | |
r-devel-linux-x86_64-fedora-clang | 1.0.0 | 31.80 | NOTE | |||
r-devel-linux-x86_64-fedora-gcc | 1.0.0 | 29.85 | NOTE | |||
r-devel-windows-x86_64 | 1.0.0 | 4.00 | 39.00 | 43.00 | NOTE | |
r-patched-linux-x86_64 | 1.0.0 | 1.99 | 21.40 | 23.39 | NOTE | |
r-release-linux-x86_64 | 1.0.0 | 2.38 | 21.46 | 23.84 | NOTE | |
r-release-macos-arm64 | 1.0.0 | 15.00 | NOTE | |||
r-release-windows-x86_64 | 1.0.0 | 3.00 | 39.00 | 42.00 | NOTE | |
r-oldrel-macos-arm64 | 1.0.0 | 16.00 | NOTE | |||
r-oldrel-macos-x86_64 | 1.0.0 | 19.00 | NOTE | |||
r-oldrel-windows-x86_64 | 1.0.0 | 4.00 | 46.00 | 50.00 | NOTE |
Version: 1.0.0
Check: LazyData
Result: NOTE
'LazyData' is specified without a 'data' directory
Flavors: r-devel-linux-x86_64-debian-clang, r-devel-linux-x86_64-debian-gcc, r-devel-linux-x86_64-fedora-clang, r-devel-linux-x86_64-fedora-gcc, r-devel-windows-x86_64, r-patched-linux-x86_64, r-release-linux-x86_64, r-release-macos-arm64, r-release-windows-x86_64, r-oldrel-macos-arm64, r-oldrel-macos-x86_64, r-oldrel-windows-x86_64