Last updated on 2024-04-23 10:53:59 CEST.
Flavor | Version | Tinstall | Tcheck | Ttotal | Status | Flags |
---|---|---|---|---|---|---|
r-devel-linux-x86_64-debian-clang | 0.1.5 | 11.63 | 342.84 | 354.47 | NOTE | |
r-devel-linux-x86_64-debian-gcc | 0.1.5 | 8.73 | 297.61 | 306.34 | NOTE | |
r-devel-linux-x86_64-fedora-clang | 0.1.5 | 444.52 | NOTE | |||
r-devel-linux-x86_64-fedora-gcc | 0.1.5 | 478.87 | NOTE | |||
r-prerel-macos-arm64 | 0.1.5 | 171.00 | NOTE | |||
r-prerel-windows-x86_64 | 0.1.5 | 11.00 | 371.00 | 382.00 | NOTE | |
r-patched-linux-x86_64 | 0.1.5 | 13.11 | 346.79 | 359.90 | NOTE | |
r-release-linux-x86_64 | 0.1.5 | 10.00 | 395.83 | 405.83 | NOTE | |
r-release-macos-arm64 | 0.1.5 | 189.00 | NOTE | |||
r-release-macos-x86_64 | 0.1.5 | 427.00 | NOTE | |||
r-release-windows-x86_64 | 0.1.5 | 16.00 | 378.00 | 394.00 | NOTE | |
r-oldrel-macos-arm64 | 0.1.5 | 183.00 | NOTE | |||
r-oldrel-windows-x86_64 | 0.1.5 | 15.00 | 365.00 | 380.00 | NOTE |
Version: 0.1.5
Check: Rd files
Result: NOTE
checkRd: (-1) KCI.Rd:44: Lost braces
44 | \item \code{testStatistic} the statistic Tr(K_{(ddot{(Y)}|X)} * K_{(E|X)})
| ^
checkRd: (-1) KCI.Rd:44: Lost braces
44 | \item \code{testStatistic} the statistic Tr(K_{(ddot{(Y)}|X)} * K_{(E|X)})
| ^
checkRd: (-1) KCI.Rd:44: Lost braces; missing escapes or markup?
44 | \item \code{testStatistic} the statistic Tr(K_{(ddot{(Y)}|X)} * K_{(E|X)})
| ^
Flavors: r-devel-linux-x86_64-debian-clang, r-devel-linux-x86_64-debian-gcc, r-devel-linux-x86_64-fedora-clang, r-devel-linux-x86_64-fedora-gcc, r-prerel-macos-arm64, r-prerel-windows-x86_64, r-patched-linux-x86_64
Version: 0.1.5
Check: LazyData
Result: NOTE
'LazyData' is specified without a 'data' directory
Flavors: r-devel-linux-x86_64-debian-clang, r-devel-linux-x86_64-debian-gcc, r-devel-linux-x86_64-fedora-clang, r-devel-linux-x86_64-fedora-gcc, r-prerel-macos-arm64, r-prerel-windows-x86_64, r-patched-linux-x86_64, r-release-linux-x86_64, r-release-macos-arm64, r-release-macos-x86_64, r-release-windows-x86_64, r-oldrel-macos-arm64, r-oldrel-windows-x86_64