Last updated on 2024-03-28 10:49:30 CET.
Flavor | Version | Tinstall | Tcheck | Ttotal | Status | Flags |
---|---|---|---|---|---|---|
r-devel-linux-x86_64-debian-clang | 0.4.6.1 | 32.87 | 51.35 | 84.22 | OK | |
r-devel-linux-x86_64-debian-gcc | 0.4.6.1 | 27.85 | 38.08 | 65.93 | OK | |
r-devel-linux-x86_64-fedora-clang | 0.4.6.1 | 112.13 | NOTE | |||
r-devel-linux-x86_64-fedora-gcc | 0.4.6.1 | 112.27 | NOTE | |||
r-devel-windows-x86_64 | 0.4.6.1 | 25.00 | 76.00 | 101.00 | OK | |
r-patched-linux-x86_64 | 0.4.6.1 | 34.30 | 49.83 | 84.13 | OK | |
r-release-linux-x86_64 | 0.4.6.1 | 32.89 | 50.03 | 82.92 | OK | |
r-release-macos-arm64 | 0.4.6.1 | 35.00 | NOTE | |||
r-release-macos-x86_64 | 0.4.6.1 | 54.00 | NOTE | |||
r-release-windows-x86_64 | 0.4.6.1 | 31.00 | 117.00 | 148.00 | OK | |
r-oldrel-macos-arm64 | 0.4.6.1 | 32.00 | NOTE | |||
r-oldrel-windows-x86_64 | 0.4.6.1 | 31.00 | 104.00 | 135.00 | OK |
Version: 0.4.6.1
Check: compiled code
Result: NOTE
File ‘ConConPiWiFun/libs/ConConPiWiFun.so’:
Found no calls to: ‘R_registerRoutines’, ‘R_useDynamicSymbols’
It is good practice to register native routines and to disable symbol
search.
See ‘Writing portable packages’ in the ‘Writing R Extensions’ manual.
Flavors: r-devel-linux-x86_64-fedora-clang, r-devel-linux-x86_64-fedora-gcc
Version: 0.4.6.1
Check: installed package size
Result: NOTE
installed size is 6.1Mb
sub-directories of 1Mb or more:
libs 5.9Mb
Flavors: r-release-macos-arm64, r-release-macos-x86_64, r-oldrel-macos-arm64