CRAN Package Check Results for Package CompareCausalNetworks

Last updated on 2020-02-28 10:05:40 CET.

Flavor Version Tinstall Tcheck Ttotal Status Flags
r-devel-linux-x86_64-debian-clang 0.2.6.2 10.21 107.73 117.94 NOTE
r-devel-linux-x86_64-debian-gcc 0.2.6.2 8.54 82.42 90.96 NOTE
r-devel-linux-x86_64-fedora-clang 0.2.6.2 144.90 NOTE
r-devel-linux-x86_64-fedora-gcc 0.2.6.2 135.70 NOTE
r-devel-windows-ix86+x86_64 0.2.6.2 23.00 152.00 175.00 OK
r-devel-windows-ix86+x86_64-gcc8 0.2.6.2 18.00 112.00 130.00 OK
r-patched-linux-x86_64 0.2.6.2 8.72 94.35 103.07 NOTE
r-patched-solaris-x86 0.2.6.2 192.60 NOTE
r-release-linux-x86_64 0.2.6.2 8.22 95.20 103.42 NOTE
r-release-windows-ix86+x86_64 0.2.6.2 13.00 116.00 129.00 OK
r-release-osx-x86_64 0.2.6.2 OK
r-oldrel-windows-ix86+x86_64 0.2.6.2 10.00 105.00 115.00 OK
r-oldrel-osx-x86_64 0.2.6.2 OK

Check Details

Version: 0.2.6.2
Check: package dependencies
Result: NOTE
    Package suggested but not available for checking: 'CAM'
Flavors: r-devel-linux-x86_64-debian-clang, r-devel-linux-x86_64-debian-gcc, r-devel-linux-x86_64-fedora-gcc, r-patched-linux-x86_64, r-patched-solaris-x86, r-release-linux-x86_64

Version: 0.2.6.2
Check: package dependencies
Result: NOTE
    Package suggested but not available for checking: ‘CAM’
    
    Suggests orphaned package: ‘flare’
Flavor: r-devel-linux-x86_64-fedora-clang