Last updated on 2023-02-03 09:55:26 CET.
Flavor | Version | Tinstall | Tcheck | Ttotal | Status | Flags |
---|---|---|---|---|---|---|
r-devel-linux-x86_64-debian-clang | 0.1.0 | 51.30 | 359.92 | 411.22 | NOTE | |
r-devel-linux-x86_64-debian-gcc | 0.1.0 | 37.85 | 293.69 | 331.54 | NOTE | |
r-devel-linux-x86_64-fedora-clang | 0.1.0 | 527.08 | NOTE | |||
r-devel-linux-x86_64-fedora-gcc | 0.1.0 | 504.75 | NOTE | |||
r-devel-windows-x86_64 | 0.1.0 | 65.00 | 379.00 | 444.00 | NOTE | |
r-patched-linux-x86_64 | 0.1.0 | 35.10 | 347.05 | 382.15 | NOTE | |
r-release-linux-x86_64 | 0.1.0 | 36.05 | 301.04 | 337.09 | NOTE | |
r-release-macos-arm64 | 0.1.0 | 173.00 | NOTE | |||
r-release-macos-x86_64 | 0.1.0 | 202.00 | NOTE | |||
r-release-windows-x86_64 | 0.1.0 | 60.00 | 404.00 | 464.00 | NOTE | |
r-oldrel-macos-arm64 | 0.1.0 | 174.00 | NOTE | |||
r-oldrel-macos-x86_64 | 0.1.0 | 219.00 | NOTE | |||
r-oldrel-windows-ix86+x86_64 | 0.1.0 | 112.00 | 481.00 | 593.00 | NOTE |
Version: 0.1.0
Check: C++ specification
Result: NOTE
Specified C++11: please update to current default of C++17
Flavors: r-devel-linux-x86_64-debian-clang, r-devel-linux-x86_64-debian-gcc, r-devel-linux-x86_64-fedora-clang, r-devel-linux-x86_64-fedora-gcc, r-devel-windows-x86_64
Version: 0.1.0
Check: LazyData
Result: NOTE
'LazyData' is specified without a 'data' directory
Flavors: r-devel-linux-x86_64-debian-clang, r-devel-linux-x86_64-debian-gcc, r-devel-linux-x86_64-fedora-clang, r-devel-linux-x86_64-fedora-gcc, r-devel-windows-x86_64, r-patched-linux-x86_64, r-release-linux-x86_64, r-release-macos-arm64, r-release-macos-x86_64, r-release-windows-x86_64, r-oldrel-macos-arm64, r-oldrel-macos-x86_64, r-oldrel-windows-ix86+x86_64