Last updated on 2024-05-02 10:48:39 CEST.
Flavor | Version | Tinstall | Tcheck | Ttotal | Status | Flags |
---|---|---|---|---|---|---|
r-devel-linux-x86_64-debian-clang | 1.0 | 3.48 | 30.69 | 34.17 | OK | |
r-devel-linux-x86_64-debian-gcc | 1.0 | 2.33 | 22.45 | 24.78 | OK | |
r-devel-linux-x86_64-fedora-clang | 1.0 | 42.22 | NOTE | |||
r-devel-linux-x86_64-fedora-gcc | 1.0 | 40.23 | NOTE | |||
r-devel-windows-x86_64 | 1.0 | 5.00 | 49.00 | 54.00 | OK | |
r-patched-linux-x86_64 | 1.0 | 3.07 | 29.15 | 32.22 | OK | |
r-release-linux-x86_64 | 1.0 | 3.30 | 28.87 | 32.17 | OK | |
r-release-macos-arm64 | 1.0 | 17.00 | OK | |||
r-release-windows-x86_64 | 1.0 | 4.00 | 49.00 | 53.00 | OK | |
r-oldrel-macos-arm64 | 1.0 | 17.00 | OK | |||
r-oldrel-macos-x86_64 | 1.0 | 23.00 | OK | |||
r-oldrel-windows-x86_64 | 1.0 | 5.00 | 48.00 | 53.00 | OK |
Version: 1.0
Check: dependencies in R code
Result: NOTE
Namespaces in Imports field not imported from:
‘PearsonDS’ ‘VGAM’ ‘actuar’ ‘fExtremes’ ‘rmutil’
All declared Imports should be used.
Flavors: r-devel-linux-x86_64-fedora-clang, r-devel-linux-x86_64-fedora-gcc