Last updated on 2024-03-28 10:49:29 CET.
Flavor | Version | Tinstall | Tcheck | Ttotal | Status | Flags |
---|---|---|---|---|---|---|
r-devel-linux-x86_64-debian-clang | 1.0.4 | 30.24 | 94.50 | 124.74 | OK | |
r-devel-linux-x86_64-debian-gcc | 1.0.4 | 26.14 | 70.75 | 96.89 | OK | |
r-devel-linux-x86_64-fedora-clang | 1.0.4 | 161.28 | NOTE | |||
r-devel-linux-x86_64-fedora-gcc | 1.0.4 | 158.94 | NOTE | |||
r-devel-windows-x86_64 | 1.0.4 | 27.00 | 102.00 | 129.00 | OK | |
r-patched-linux-x86_64 | 1.0.4 | 33.05 | 91.58 | 124.63 | OK | |
r-release-linux-x86_64 | 1.0.4 | 27.49 | 91.27 | 118.76 | OK | |
r-release-macos-arm64 | 1.0.4 | 52.00 | OK | |||
r-release-macos-x86_64 | 1.0.4 | 89.00 | OK | |||
r-release-windows-x86_64 | 1.0.4 | 32.00 | 126.00 | 158.00 | OK | |
r-oldrel-macos-arm64 | 1.0.4 | 43.00 | OK | |||
r-oldrel-windows-x86_64 | 1.0.4 | 32.00 | 127.00 | 159.00 | OK |
Version: 1.0.4
Check: compiled code
Result: NOTE
File ‘ClusterStability/libs/ClusterStability.so’:
Found no calls to: ‘R_registerRoutines’, ‘R_useDynamicSymbols’
It is good practice to register native routines and to disable symbol
search.
See ‘Writing portable packages’ in the ‘Writing R Extensions’ manual.
Flavors: r-devel-linux-x86_64-fedora-clang, r-devel-linux-x86_64-fedora-gcc