CRAN Package Check Results for Package ChoiceModelR

Last updated on 2023-02-08 09:56:05 CET.

Flavor Version Tinstall Tcheck Ttotal Status Flags
r-devel-linux-x86_64-debian-clang 1.3.0 3.49 58.30 61.79 NOTE
r-devel-linux-x86_64-debian-gcc 1.3.0 2.85 40.43 43.28 NOTE
r-devel-linux-x86_64-fedora-clang 1.3.0 73.63 NOTE
r-devel-linux-x86_64-fedora-gcc 1.3.0 76.37 NOTE
r-devel-windows-x86_64 1.3.0 21.00 88.00 109.00 NOTE
r-patched-linux-x86_64 1.3.0 3.55 54.64 58.19 OK
r-release-linux-x86_64 1.3.0 3.45 54.40 57.85 OK
r-release-macos-arm64 1.3.0 63.00 OK
r-release-macos-x86_64 1.3.0 40.00 OK
r-release-windows-x86_64 1.3.0 23.00 90.00 113.00 OK
r-oldrel-macos-arm64 1.3.0 63.00 OK
r-oldrel-macos-x86_64 1.3.0 38.00 OK
r-oldrel-windows-ix86+x86_64 1.3.0 7.00 83.00 90.00 OK

Check Details

Version: 1.3.0
Check: package subdirectories
Result: NOTE
    Problems with news in ‘NEWS.md’:
    No news entries found.
Flavors: r-devel-linux-x86_64-debian-clang, r-devel-linux-x86_64-debian-gcc, r-devel-linux-x86_64-fedora-clang, r-devel-linux-x86_64-fedora-gcc, r-devel-windows-x86_64