Last updated on 2024-04-24 10:22:50 CEST.
Flavor | Version | Tinstall | Tcheck | Ttotal | Status | Flags |
---|---|---|---|---|---|---|
r-devel-linux-x86_64-debian-clang | 1.3.0 | 3.18 | 59.02 | 62.20 | NOTE | |
r-devel-linux-x86_64-debian-gcc | 1.3.0 | 2.48 | 41.02 | 43.50 | NOTE | |
r-devel-linux-x86_64-fedora-clang | 1.3.0 | 78.13 | NOTE | |||
r-devel-linux-x86_64-fedora-gcc | 1.3.0 | 71.55 | NOTE | |||
r-devel-windows-x86_64 | 1.3.0 | 4.00 | 66.00 | 70.00 | NOTE | |
r-patched-linux-x86_64 | 1.3.0 | 3.90 | 54.27 | 58.17 | NOTE | |
r-release-linux-x86_64 | 1.3.0 | 3.66 | 54.98 | 58.64 | NOTE | |
r-release-macos-arm64 | 1.3.0 | 25.00 | NOTE | |||
r-release-windows-x86_64 | 1.3.0 | 4.00 | 71.00 | 75.00 | NOTE | |
r-oldrel-macos-arm64 | 1.3.0 | 28.00 | OK | |||
r-oldrel-macos-x86_64 | 1.3.0 | 45.00 | NOTE | |||
r-oldrel-windows-x86_64 | 1.3.0 | 5.00 | 72.00 | 77.00 | OK |
Version: 1.3.0
Check: package subdirectories
Result: NOTE
Problems with news in ‘NEWS.md’:
No news entries found.
Flavors: r-devel-linux-x86_64-debian-clang, r-devel-linux-x86_64-debian-gcc, r-devel-linux-x86_64-fedora-clang, r-devel-linux-x86_64-fedora-gcc, r-devel-windows-x86_64, r-patched-linux-x86_64, r-release-linux-x86_64, r-release-macos-arm64, r-release-windows-x86_64, r-oldrel-macos-x86_64