CRAN Package Check Results for Package CausalQueries

Last updated on 2020-09-28 10:50:32 CEST.

Flavor Version Tinstall Tcheck Ttotal Status Flags
r-devel-linux-x86_64-debian-clang 0.0.3 141.29 114.95 256.24 NOTE
r-devel-linux-x86_64-debian-gcc 0.0.3 128.13 89.15 217.28 NOTE
r-devel-linux-x86_64-fedora-clang 0.0.3 377.87 NOTE
r-devel-linux-x86_64-fedora-gcc 0.0.3 375.31 NOTE
r-devel-windows-ix86+x86_64 0.0.3 320.00 244.00 564.00 NOTE
r-patched-linux-x86_64 0.0.3 115.12 110.19 225.31 NOTE
r-patched-solaris-x86 0.0.3 375.00 NOTE
r-release-linux-x86_64 0.0.3 110.12 110.38 220.50 NOTE
r-release-macos-x86_64 0.0.3 NOTE
r-release-windows-ix86+x86_64 0.0.3 308.00 257.00 565.00 NOTE
r-oldrel-macos-x86_64 0.0.3 NOTE
r-oldrel-windows-ix86+x86_64 0.0.3 296.00 241.00 537.00 NOTE

Check Details

Version: 0.0.3
Check: for GNU extensions in Makefiles
Result: NOTE
    GNU make is a SystemRequirements.
Flavors: r-devel-linux-x86_64-debian-clang, r-devel-linux-x86_64-debian-gcc, r-devel-linux-x86_64-fedora-clang, r-devel-linux-x86_64-fedora-gcc, r-devel-windows-ix86+x86_64, r-patched-linux-x86_64, r-patched-solaris-x86, r-release-linux-x86_64, r-release-macos-x86_64, r-release-windows-ix86+x86_64, r-oldrel-macos-x86_64, r-oldrel-windows-ix86+x86_64

Version: 0.0.3
Check: installed package size
Result: NOTE
     installed size is 34.5Mb
     sub-directories of 1Mb or more:
     libs 34.0Mb
Flavors: r-devel-linux-x86_64-fedora-clang, r-release-macos-x86_64, r-oldrel-macos-x86_64