CRAN Package Check Results for Package CaPO4Sim

Last updated on 2020-08-04 09:48:21 CEST.

Flavor Version Tinstall Tcheck Ttotal Status Flags
r-devel-linux-x86_64-debian-clang 0.1.0 6.07 38.93 45.00 OK
r-devel-linux-x86_64-debian-gcc 0.1.0 5.23 30.24 35.47 OK
r-devel-linux-x86_64-fedora-clang 0.1.0 60.51 NOTE
r-devel-linux-x86_64-fedora-gcc 0.1.0 52.01 NOTE
r-devel-windows-ix86+x86_64 0.1.0 24.00 73.00 97.00 OK
r-patched-linux-x86_64 0.1.0 6.57 38.84 45.41 OK
r-patched-solaris-x86 0.1.0 78.60 NOTE
r-release-linux-x86_64 0.1.0 7.34 38.62 45.96 OK
r-release-macos-x86_64 0.1.0 NOTE
r-release-windows-ix86+x86_64 0.1.0 28.00 54.00 82.00 OK
r-oldrel-macos-x86_64 0.1.0 NOTE
r-oldrel-windows-ix86+x86_64 0.1.0 12.00 48.00 60.00 OK

Check Details

Version: 0.1.0
Check: dependencies in R code
Result: NOTE
    Namespace in Imports field not imported from: ‘htmltools’
     All declared Imports should be used.
Flavors: r-devel-linux-x86_64-fedora-clang, r-devel-linux-x86_64-fedora-gcc, r-patched-solaris-x86, r-release-macos-x86_64, r-oldrel-macos-x86_64