Last updated on 2024-04-24 10:22:50 CEST.
Flavor | Version | Tinstall | Tcheck | Ttotal | Status | Flags |
---|---|---|---|---|---|---|
r-devel-linux-x86_64-debian-clang | 0.2.0 | 8.15 | 54.07 | 62.22 | NOTE | |
r-devel-linux-x86_64-debian-gcc | 0.2.0 | 5.34 | 40.86 | 46.20 | NOTE | |
r-devel-linux-x86_64-fedora-clang | 0.2.0 | 81.53 | NOTE | |||
r-devel-linux-x86_64-fedora-gcc | 0.2.0 | 79.77 | NOTE | |||
r-devel-windows-x86_64 | 0.2.0 | 9.00 | 63.00 | 72.00 | NOTE | |
r-patched-linux-x86_64 | 0.2.0 | 11.71 | 52.68 | 64.39 | NOTE | |
r-release-linux-x86_64 | 0.2.0 | 8.91 | 52.49 | 61.40 | NOTE | |
r-release-macos-arm64 | 0.2.0 | 26.00 | NOTE | |||
r-release-windows-x86_64 | 0.2.0 | 11.00 | 75.00 | 86.00 | NOTE | |
r-oldrel-macos-arm64 | 0.2.0 | 24.00 | NOTE | |||
r-oldrel-macos-x86_64 | 0.2.0 | 37.00 | NOTE | |||
r-oldrel-windows-x86_64 | 0.2.0 | 11.00 | 92.00 | 103.00 | NOTE |
Version: 0.2.0
Check: LazyData
Result: NOTE
'LazyData' is specified without a 'data' directory
Flavors: r-devel-linux-x86_64-debian-clang, r-devel-linux-x86_64-debian-gcc, r-devel-linux-x86_64-fedora-clang, r-devel-linux-x86_64-fedora-gcc, r-devel-windows-x86_64, r-patched-linux-x86_64, r-release-linux-x86_64, r-release-macos-arm64, r-release-windows-x86_64, r-oldrel-macos-arm64, r-oldrel-macos-x86_64, r-oldrel-windows-x86_64
Version: 0.2.0
Check: dependencies in R code
Result: NOTE
Namespaces in Imports field not imported from:
‘htmltools’ ‘shinydashboard’
All declared Imports should be used.
Flavors: r-devel-linux-x86_64-fedora-clang, r-devel-linux-x86_64-fedora-gcc, r-oldrel-macos-arm64