Last updated on 2023-02-08 09:56:06 CET.
Flavor | Version | Tinstall | Tcheck | Ttotal | Status | Flags |
---|---|---|---|---|---|---|
r-devel-linux-x86_64-debian-clang | 0.1-2 | 4.13 | 462.79 | 466.92 | NOTE | |
r-devel-linux-x86_64-debian-gcc | 0.1-2 | 2.74 | 334.93 | 337.67 | NOTE | |
r-devel-linux-x86_64-fedora-clang | 0.1-2 | 539.91 | NOTE | |||
r-devel-linux-x86_64-fedora-gcc | 0.1-2 | 583.97 | NOTE | |||
r-devel-windows-x86_64 | 0.1-2 | 22.00 | 481.00 | 503.00 | NOTE | |
r-patched-linux-x86_64 | 0.1-2 | 3.27 | 429.40 | 432.67 | NOTE | |
r-release-linux-x86_64 | 0.1-2 | 3.20 | 443.23 | 446.43 | NOTE | |
r-release-macos-arm64 | 0.1-2 | 165.00 | NOTE | |||
r-release-macos-x86_64 | 0.1-2 | 203.00 | NOTE | |||
r-release-windows-x86_64 | 0.1-2 | 33.00 | 469.00 | 502.00 | NOTE | |
r-oldrel-macos-arm64 | 0.1-2 | 193.00 | NOTE | |||
r-oldrel-macos-x86_64 | 0.1-2 | 341.00 | NOTE | |||
r-oldrel-windows-ix86+x86_64 | 0.1-2 | 7.00 | 528.00 | 535.00 | NOTE |
Version: 0.1-2
Check: LazyData
Result: NOTE
'LazyData' is specified without a 'data' directory
Flavors: r-devel-linux-x86_64-debian-clang, r-devel-linux-x86_64-debian-gcc, r-devel-linux-x86_64-fedora-clang, r-devel-linux-x86_64-fedora-gcc, r-devel-windows-x86_64, r-patched-linux-x86_64, r-release-linux-x86_64, r-release-macos-arm64, r-release-macos-x86_64, r-release-windows-x86_64, r-oldrel-macos-arm64, r-oldrel-macos-x86_64, r-oldrel-windows-ix86+x86_64