CRAN Package Check Results for Package CRANsearcher

Last updated on 2020-08-06 09:48:53 CEST.

Flavor Version Tinstall Tcheck Ttotal Status Flags
r-devel-linux-x86_64-debian-clang 1.0.0 6.47 46.87 53.34 OK
r-devel-linux-x86_64-debian-gcc 1.0.0 5.56 35.89 41.45 OK
r-devel-linux-x86_64-fedora-clang 1.0.0 69.82 NOTE
r-devel-linux-x86_64-fedora-gcc 1.0.0 61.41 NOTE
r-devel-windows-ix86+x86_64 1.0.0 25.00 79.00 104.00 OK
r-patched-linux-x86_64 1.0.0 6.09 45.18 51.27 OK
r-patched-solaris-x86 1.0.0 96.80 NOTE
r-release-linux-x86_64 1.0.0 6.93 44.80 51.73 OK
r-release-macos-x86_64 1.0.0 NOTE
r-release-windows-ix86+x86_64 1.0.0 24.00 51.00 75.00 OK
r-oldrel-macos-x86_64 1.0.0 NOTE
r-oldrel-windows-ix86+x86_64 1.0.0 14.00 48.00 62.00 OK

Check Details

Version: 1.0.0
Check: data for non-ASCII characters
Result: NOTE
     Note: found 11 marked Latin-1 strings
     Note: found 57 marked UTF-8 strings
Flavors: r-devel-linux-x86_64-fedora-clang, r-devel-linux-x86_64-fedora-gcc, r-patched-solaris-x86, r-release-macos-x86_64, r-oldrel-macos-x86_64