CRAN Package Check Results for Package CONDOP

Last updated on 2020-09-26 09:48:51 CEST.

Flavor Version Tinstall Tcheck Ttotal Status Flags
r-devel-linux-x86_64-debian-clang 1.0 38.79 255.31 294.10 OK
r-devel-linux-x86_64-debian-gcc 1.0 32.35 192.72 225.07 OK
r-devel-linux-x86_64-fedora-clang 1.0 366.46 NOTE
r-devel-linux-x86_64-fedora-gcc 1.0 413.20 OK
r-devel-windows-ix86+x86_64 1.0 80.00 287.00 367.00 NOTE
r-patched-linux-x86_64 1.0 37.55 236.07 273.62 OK
r-patched-solaris-x86 1.0 526.90 NOTE
r-release-linux-x86_64 1.0 32.10 237.40 269.50 OK
r-release-macos-x86_64 1.0 NOTE
r-release-windows-ix86+x86_64 1.0 81.00 302.00 383.00 NOTE
r-oldrel-macos-x86_64 1.0 ERROR
r-oldrel-windows-ix86+x86_64 1.0 74.00 266.00 340.00 NOTE

Check Details

Version: 1.0
Check: installed package size
Result: NOTE
     installed size is 9.4Mb
     sub-directories of 1Mb or more:
     data 6.5Mb
     extdata 2.6Mb
Flavors: r-devel-linux-x86_64-fedora-clang, r-devel-windows-ix86+x86_64, r-patched-solaris-x86, r-release-macos-x86_64, r-release-windows-ix86+x86_64, r-oldrel-windows-ix86+x86_64

Version: 1.0
Check: whether package can be installed
Result: ERROR
    Installation failed.
Flavor: r-oldrel-macos-x86_64