Last updated on 2024-04-19 10:57:21 CEST.
Flavor | Version | Tinstall | Tcheck | Ttotal | Status | Flags |
---|---|---|---|---|---|---|
r-devel-linux-x86_64-debian-clang | 0.10.0 | 196.72 | 352.05 | 548.77 | OK | |
r-devel-linux-x86_64-debian-gcc | 0.10.0 | OK | ||||
r-devel-linux-x86_64-fedora-clang | 0.10.0 | 714.01 | OK | |||
r-devel-linux-x86_64-fedora-gcc | 0.10.0 | 796.20 | OK | |||
r-prerel-macos-arm64 | 0.10.0 | 174.00 | NOTE | |||
r-prerel-windows-x86_64 | 0.10.0 | 152.00 | 347.00 | 499.00 | OK | |
r-patched-linux-x86_64 | 0.10.0 | 134.77 | 497.57 | 632.34 | OK | |
r-release-linux-x86_64 | 0.10.0 | 134.93 | 479.35 | 614.28 | OK | |
r-release-macos-arm64 | 0.10.0 | 188.00 | NOTE | |||
r-release-macos-x86_64 | 0.10.0 | 347.00 | NOTE | |||
r-release-windows-x86_64 | 0.10.0 | 184.00 | 428.00 | 612.00 | OK | |
r-oldrel-macos-arm64 | 0.10.0 | 195.00 | NOTE | |||
r-oldrel-windows-x86_64 | 0.10.0 | 179.00 | 400.00 | 579.00 | OK |
Version: 0.10.0
Check: installed package size
Result: NOTE
installed size is 16.1Mb
sub-directories of 1Mb or more:
libs 14.5Mb
Flavors: r-prerel-macos-arm64, r-release-macos-arm64, r-release-macos-x86_64, r-oldrel-macos-arm64