CRAN Package Check Results for Package CKLRT

Last updated on 2020-08-11 09:48:27 CEST.

Flavor Version Tinstall Tcheck Ttotal Status Flags
r-devel-linux-x86_64-debian-clang 0.2.3 51.35 70.99 122.34 OK
r-devel-linux-x86_64-debian-gcc 0.2.3 42.18 55.82 98.00 OK
r-devel-linux-x86_64-fedora-clang 0.2.3 168.75 NOTE
r-devel-linux-x86_64-fedora-gcc 0.2.3 156.31 OK
r-devel-windows-ix86+x86_64 0.2.3 115.00 155.00 270.00 OK
r-patched-linux-x86_64 0.2.3 45.88 70.11 115.99 OK
r-patched-solaris-x86 0.2.3 201.10 OK
r-release-linux-x86_64 0.2.3 50.39 70.17 120.56 OK
r-release-macos-x86_64 0.2.3 NOTE
r-release-windows-ix86+x86_64 0.2.3 111.00 161.00 272.00 OK
r-oldrel-macos-x86_64 0.2.3 NOTE
r-oldrel-windows-ix86+x86_64 0.2.3 73.00 124.00 197.00 OK

Check Details

Version: 0.2.3
Check: installed package size
Result: NOTE
     installed size is 13.5Mb
     sub-directories of 1Mb or more:
     libs 13.2Mb
Flavors: r-devel-linux-x86_64-fedora-clang, r-release-macos-x86_64, r-oldrel-macos-x86_64