CRAN Package Check Results for Package CKLRT

Last updated on 2023-01-27 10:50:12 CET.

Flavor Version Tinstall Tcheck Ttotal Status Flags
r-devel-linux-x86_64-debian-clang 0.2.3 53.49 81.45 134.94 NOTE
r-devel-linux-x86_64-debian-gcc 0.2.3 44.59 63.87 108.46 NOTE
r-devel-linux-x86_64-fedora-clang 0.2.3 182.14 NOTE
r-devel-linux-x86_64-fedora-gcc 0.2.3 174.39 NOTE
r-devel-windows-x86_64 0.2.3 44.00 140.00 184.00 NOTE
r-patched-linux-x86_64 0.2.3 48.80 80.34 129.14 NOTE
r-release-linux-x86_64 0.2.3 43.21 80.41 123.62 NOTE
r-release-macos-arm64 0.2.3 48.00 NOTE
r-release-macos-x86_64 0.2.3 66.00 NOTE
r-release-windows-x86_64 0.2.3 45.00 137.00 182.00 NOTE
r-oldrel-macos-arm64 0.2.3 53.00 NOTE
r-oldrel-macos-x86_64 0.2.3 99.00 NOTE
r-oldrel-windows-ix86+x86_64 0.2.3 114.00 164.00 278.00 NOTE

Check Details

Version: 0.2.3
Check: LazyData
Result: NOTE
     'LazyData' is specified without a 'data' directory
Flavors: r-devel-linux-x86_64-debian-clang, r-devel-linux-x86_64-debian-gcc, r-devel-linux-x86_64-fedora-clang, r-devel-linux-x86_64-fedora-gcc, r-devel-windows-x86_64, r-patched-linux-x86_64, r-release-linux-x86_64, r-release-macos-arm64, r-release-macos-x86_64, r-release-windows-x86_64, r-oldrel-macos-arm64, r-oldrel-macos-x86_64, r-oldrel-windows-ix86+x86_64

Version: 0.2.3
Check: installed package size
Result: NOTE
     installed size is 14.6Mb
     sub-directories of 1Mb or more:
     libs 14.3Mb
Flavors: r-release-macos-arm64, r-release-macos-x86_64, r-oldrel-macos-arm64, r-oldrel-macos-x86_64